000
CDUS44 KSHV 040834
CLIGGG

CLIMATE REPORT
NATIONAL WEATHER SERVICE SHREVEPORT, LA
234 AM CST FRI DEC 04 2020

...................................

...THE LONGVIEW CLIMATE SUMMARY FOR DECEMBER 3 2020...

CLIMATE NORMAL PERIOD: 1981 TO 2010
CLIMATE RECORD PERIOD: 1902 TO 2020


WEATHER ITEM   OBSERVED TIME   RECORD YEAR NORMAL DEPARTURE LAST
                VALUE   (LST)  VALUE       VALUE  FROM      YEAR
                                                  NORMAL
...................................................................
TEMPERATURE (F)
 YESTERDAY
  MAXIMUM         47  12:39 AM  84    2005  61    -14       68
  MINIMUM         34  11:19 PM  16    1929  40     -6       32
  AVERAGE         41                        50     -9       50

PRECIPITATION (IN)
  YESTERDAY        T             2.78 1983   0.15  -0.15     0.00
  MONTH TO DATE    1.45                      0.48   0.97     0.00
  SINCE DEC 1      1.45                      0.48   0.97     0.00
  SINCE JAN 1     42.62                     43.54  -0.92    47.20

SNOWFALL (IN)
  YESTERDAY        0.0
  MONTH TO DATE    0.0
  SINCE DEC 1      0.0
  SINCE JUL 1      0.0
  SNOW DEPTH       0

DEGREE DAYS
 HEATING
  YESTERDAY       24                        15      9       15
  MONTH TO DATE   65                        44     21       49
  SINCE DEC 1     65                        44     21       49
  SINCE JUL 1    365                       416    -51      523

 COOLING
  YESTERDAY        0                         0      0        0
  MONTH TO DATE    0                         0      0        0
  SINCE DEC 1      0                         0      0        0
  SINCE JAN 1   2513                      2417     96     2818
...................................................................


WIND (MPH)
  HIGHEST WIND SPEED    16   HIGHEST WIND DIRECTION    NW (310)
  HIGHEST GUST SPEED    22   HIGHEST GUST DIRECTION    NW (310)
  AVERAGE WIND SPEED     7.4


SKY COVER
  POSSIBLE SUNSHINE  MM
  AVERAGE SKY COVER 0.7


WEATHER CONDITIONS
THE FOLLOWING WEATHER WAS RECORDED YESTERDAY.
  LIGHT RAIN


RELATIVE HUMIDITY (PERCENT)
 HIGHEST    93          12:00 AM
 LOWEST     70           3:00 PM
 AVERAGE    82

..........................................................


THE LONGVIEW CLIMATE NORMALS FOR TODAY
                         NORMAL    RECORD    YEAR
 MAXIMUM TEMPERATURE (F)   61        83      1995
 MINIMUM TEMPERATURE (F)   39        22      2006


SUNRISE AND SUNSET
DECEMBER  4 2020......SUNRISE   7:05 AM CST   SUNSET   5:13 PM CST
DECEMBER  5 2020......SUNRISE   7:06 AM CST   SUNSET   5:13 PM CST


-  INDICATES NEGATIVE NUMBERS.
R  INDICATES RECORD WAS SET OR TIED.
MM INDICATES DATA IS MISSING.
T  INDICATES TRACE AMOUNT.




$$
