000
CDUS45 KGGW 131232
CLIGGW

CLIMATE REPORT
NATIONAL WEATHER SERVICE GLASGOW, MT
632 AM MDT SUN JUN 13 2021

...................................

...THE GLASGOW MT CLIMATE SUMMARY FOR JUNE 13 2021...
VALID AS OF 0600 AM LOCAL TIME.

CLIMATE NORMAL PERIOD: 1991 TO 2020
CLIMATE RECORD PERIOD: 1893 TO 2021


WEATHER ITEM   OBSERVED RECORD YEAR NORMAL DEPARTURE
                VALUE   VALUE       VALUE  FROM
                                           NORMAL
.........................................................
TEMPERATURE (F)
 TODAY
  MAXIMUM         60    102    1897  76
  MINIMUM         50     33    1898  52
                               1969
  AVERAGE         55

PRECIPITATION (IN)
  TODAY            0.00   1.28 1992   0.09  -0.09
  MONTH TO DATE    0.40               1.33  -0.93
  SINCE JUN 1      0.40               1.33  -0.93
  SINCE OCT 1      4.81               7.66  -2.85
  SINCE JAN 1      2.76               5.82  -3.06

SNOWFALL (IN)
  TODAY            0.0    T    1992   0.0
                               1999
  MONTH TO DATE    0.0                0.0
  SINCE JUN 1      0.0                0.0
  SINCE JUL 1     24.0               40.7
  SNOW DEPTH       0

DEGREE DAYS
 HEATING
  TODAY           10

 COOLING
  TODAY            0
.........................................................


THE GLASGOW MT CLIMATE NORMALS FOR TOMORROW
                         NORMAL    RECORD    YEAR
 MAXIMUM TEMPERATURE (F)   76       107      1918
 MINIMUM TEMPERATURE (F)   53        35      1898
                                             1899


SUNRISE AND SUNSET
JUNE 13 2021..........SUNRISE   5:06 AM MDT   SUNSET   9:08 PM MDT
JUNE 14 2021..........SUNRISE   5:06 AM MDT   SUNSET   9:08 PM MDT


-  INDICATES NEGATIVE NUMBERS.
R  INDICATES RECORD WAS SET OR TIED.
MM INDICATES DATA IS MISSING.
T  INDICATES TRACE AMOUNT.




$$
