326
CDUS45 KGGW 281235
CLIGGW

CLIMATE REPORT
NATIONAL WEATHER SERVICE GLASGOW, MT
535 AM MST SAT NOV 28 2020

...................................

...THE GLASGOW MT CLIMATE SUMMARY FOR NOVEMBER 28 2020...
VALID AS OF 0500 AM LOCAL TIME.

CLIMATE NORMAL PERIOD: 1981 TO 2010
CLIMATE RECORD PERIOD: 1893 TO 2020


WEATHER ITEM   OBSERVED RECORD YEAR NORMAL DEPARTURE
                VALUE   VALUE       VALUE  FROM
                                           NORMAL
.........................................................
TEMPERATURE (F)
 TODAY
  MAXIMUM         42     57    1899  33
                               2002
  MINIMUM         27    -34    1896  13
  AVERAGE         35

PRECIPITATION (IN)
  TODAY            0.00   0.18 1927   0.02  -0.02
  MONTH TO DATE    0.82               0.38   0.44
  SINCE SEP 1      3.08               2.07   1.01
  SINCE OCT 1      2.04               1.13   0.91
  SINCE JAN 1     12.34              11.24   1.10

SNOWFALL (IN)
  TODAY            0.0    3.9  2006   0.3
  MONTH TO DATE    8.2                4.7
  SINCE SEP 1     16.8                6.2
  SINCE JUL 1     16.8                6.2
  SNOW DEPTH       T

DEGREE DAYS
 HEATING
  TODAY           30

 COOLING
  TODAY            0
.........................................................


THE GLASGOW MT CLIMATE NORMALS FOR TOMORROW
                         NORMAL    RECORD    YEAR
 MAXIMUM TEMPERATURE (F)   32        57      1951
 MINIMUM TEMPERATURE (F)   12       -37      1896


SUNRISE AND SUNSET
NOVEMBER 28 2020......SUNRISE   7:33 AM MST   SUNSET   4:16 PM MST
NOVEMBER 29 2020......SUNRISE   7:34 AM MST   SUNSET   4:15 PM MST


-  INDICATES NEGATIVE NUMBERS.
R  INDICATES RECORD WAS SET OR TIED.
MM INDICATES DATA IS MISSING.
T  INDICATES TRACE AMOUNT.




$$
