243
CDUS45 KGJT 260743
CLIGJT

CLIMATE REPORT
NATIONAL WEATHER SERVICE GRAND JUNCTION CO
1243 AM MST THU NOV 26 2020

...................................

...THE GRAND JUNCTION CO CLIMATE SUMMARY FOR NOVEMBER 25 2020...

CLIMATE NORMAL PERIOD 1981 TO 2010
CLIMATE RECORD PERIOD 1893 TO 2020


WEATHER ITEM   OBSERVED TIME   RECORD YEAR NORMAL DEPARTURE LAST
                VALUE   (LST)  VALUE       VALUE  FROM      YEAR
                                                  NORMAL
...................................................................
TEMPERATURE (F)
 YESTERDAY
  MAXIMUM         50    332 PM  65    1933  45      5       47
  MINIMUM         25    707 AM   3    1931  24      1       28
  AVERAGE         38                        34      4       38

PRECIPITATION (IN)
  YESTERDAY        0.00          0.65 1893   0.03  -0.03     0.16
  MONTH TO DATE    0.11                      0.63  -0.52     0.53
  SINCE SEP 1      1.83                      2.88  -1.05     0.81
  SINCE JAN 1      4.79                      8.73  -3.94     7.67

SNOWFALL (IN)
  YESTERDAY        0.0           2.2  1965   0.1   -0.1      1.0
  MONTH TO DATE    0.2                       1.5   -1.3      1.0
  SINCE SEP 1      4.3                       1.9    2.4      1.2
  SINCE JUL 1      4.3                       1.9    2.4      1.2
  SNOW DEPTH       0

DEGREE DAYS
 HEATING
  YESTERDAY       27                        31     -4       27
  MONTH TO DATE  532                       619    -87      583
  SINCE SEP 1    948                      1064   -116     1187
  SINCE JUL 1    948                      1067   -119     1187

 COOLING
  YESTERDAY        0                         0      0        0
  MONTH TO DATE    0                         0      0        0
  SINCE SEP 1    140                       106     34      166
  SINCE JAN 1   1497                      1125    372     1287
...................................................................


WIND (MPH)
  HIGHEST WIND SPEED    25   HIGHEST WIND DIRECTION    SE (130)
  HIGHEST GUST SPEED    33   HIGHEST GUST DIRECTION    SE (130)
  AVERAGE WIND SPEED    10.3


SKY COVER
  POSSIBLE SUNSHINE  MM
  AVERAGE SKY COVER 0.0


WEATHER CONDITIONS
THE FOLLOWING WEATHER WAS RECORDED YESTERDAY.
  NO SIGNIFICANT WEATHER WAS OBSERVED.


RELATIVE HUMIDITY (PERCENT)
 HIGHEST    68
 LOWEST     28
 AVERAGE    48

..........................................................


THE GRAND JUNCTION CO CLIMATE NORMALS FOR TODAY
                         NORMAL    RECORD    YEAR
 MAXIMUM TEMPERATURE (F)   45        64      1909
                                             2017
 MINIMUM TEMPERATURE (F)   23         5      1918


SUNRISE AND SUNSET
NOVEMBER 26 2020......SUNRISE   710 AM MST   SUNSET   453 PM MST
NOVEMBER 27 2020......SUNRISE   711 AM MST   SUNSET   453 PM MST


-  INDICATES NEGATIVE NUMBERS.
R  INDICATES RECORD WAS SET OR TIED.
MM INDICATES DATA IS MISSING.
T  INDICATES TRACE AMOUNT.




$$
