000
CDUS43 KGLD 131150
CLIGLD

CLIMATE REPORT
NATIONAL WEATHER SERVICE
141 AM MDT SUN JUN 13 2021

...................................

...THE GOODLAND KS CLIMATE SUMMARY FOR JUNE 12 2021...

CLIMATE NORMAL PERIOD: 1991 TO 2020
CLIMATE RECORD PERIOD: 1895 TO 2021


WEATHER ITEM   OBSERVED TIME   RECORD YEAR NORMAL DEPARTURE LAST
                VALUE   (LST)  VALUE       VALUE  FROM      YEAR
                                                  NORMAL
...................................................................
TEMPERATURE (F)
 YESTERDAY
  MAXIMUM         84   5:08 PM 103    1952  84      0       89
  MINIMUM         52   2:00 AM  37    1947  55     -3       52
  AVERAGE         68                        70     -2       71

PRECIPITATION (IN)
  YESTERDAY        0.00          1.20 2010   0.10  -0.10     0.00
  MONTH TO DATE    0.01                      1.28  -1.27     0.92
  SINCE JUN 1      0.01                      1.28  -1.27     0.92
  SINCE JAN 1      9.25                      7.45   1.80     5.92

SNOWFALL (IN)
  YESTERDAY        0.0                       0.0    0.0      0.0
  MONTH TO DATE    0.0                       0.0    0.0      0.0
  SINCE JUN 1      0.0                       0.0    0.0      0.0
  SINCE JUL 1     33.7                      30.0    3.7     23.1
  SNOW DEPTH       0

DEGREE DAYS
 HEATING
  YESTERDAY        0                         1     -1        0
  MONTH TO DATE   11                        20     -9       17
  SINCE JUN 1     11                        20     -9       17
  SINCE JUL 1   5900                      5784    116     5582

 COOLING
  YESTERDAY        3                         6     -3        6
  MONTH TO DATE   75                        58     17      128
  SINCE JUN 1     75                        58     17      128
  SINCE JAN 1    104                       105     -1      165
...................................................................


WIND (MPH)
  HIGHEST WIND SPEED    21   HIGHEST WIND DIRECTION    SE (150)
  HIGHEST GUST SPEED    28   HIGHEST GUST DIRECTION    SE (150)
  AVERAGE WIND SPEED    10.5


SKY COVER
  AVERAGE SKY COVER 0.2


WEATHER CONDITIONS
THE FOLLOWING WEATHER WAS RECORDED YESTERDAY.
  HAZE


RELATIVE HUMIDITY (PERCENT)
 HIGHEST    83
 LOWEST     44
 AVERAGE    64

..........................................................


THE GOODLAND KS CLIMATE NORMALS FOR TODAY
                         NORMAL    RECORD    YEAR
 MAXIMUM TEMPERATURE (F)   85       101      1924
                                             1952
 MINIMUM TEMPERATURE (F)   56        37      1947


SUNRISE AND SUNSET
JUNE 13 2021..........SUNRISE   4:19 AM MST   SUNSET   7:15 PM MST
JUNE 14 2021..........SUNRISE   4:19 AM MST   SUNSET   7:15 PM MST


-  INDICATES NEGATIVE NUMBERS.
R  INDICATES RECORD WAS SET OR TIED.
MM INDICATES DATA IS MISSING.
T  INDICATES TRACE AMOUNT.


&&

THE AVERAGE SOIL TEMPERATURE AT THE FOUR INCH DEPTH... 73

$$
