000
CDUS43 KGLD 280740
CLIGLD

CLIMATE REPORT
NATIONAL WEATHER SERVICE
1240 AM MST SAT NOV 28 2020

...................................

...THE GOODLAND KS CLIMATE SUMMARY FOR NOVEMBER 27 2020...

CLIMATE NORMAL PERIOD: 1981 TO 2010
CLIMATE RECORD PERIOD: 1895 TO 2020


WEATHER ITEM   OBSERVED TIME   RECORD YEAR NORMAL DEPARTURE LAST
                VALUE   (LST)  VALUE       VALUE  FROM      YEAR
                                                  NORMAL
...................................................................
TEMPERATURE (F)
 YESTERDAY
  MAXIMUM         49   2:58 PM  82    2017  47      2       28
  MINIMUM         20   6:53 AM -10    1952  21     -1        6
  AVERAGE         35                        34      1       17

PRECIPITATION (IN)
  YESTERDAY        0.00          0.95 1983   0.02  -0.02     0.00
  MONTH TO DATE    0.01                      0.66  -0.65     0.69
  SINCE SEP 1      0.90                      3.25  -2.35     1.60
  SINCE JAN 1     15.41                     19.15  -3.74    22.46

SNOWFALL (IN)
  YESTERDAY        0.0                       0.2   -0.2      0.0
  MONTH TO DATE    T                         4.0   -4.0      9.0
  SINCE SEP 1      6.3                       6.6   -0.3     11.2
  SINCE JUL 1      6.3                       6.6   -0.3     11.2
  SNOW DEPTH       0

DEGREE DAYS
 HEATING
  YESTERDAY       30                        31     -1       48
  MONTH TO DATE  499                       682   -183      708
  SINCE SEP 1   1151                      1210    -59     1312
  SINCE JUL 1   1153                      1222    -69     1312

 COOLING
  YESTERDAY        0                         0      0        0
  MONTH TO DATE    2                         0      2        0
  SINCE SEP 1    128                       108     20      203
  SINCE JAN 1   1189                       941    248     1049
...................................................................


WIND (MPH)
  HIGHEST WIND SPEED    12   HIGHEST WIND DIRECTION    SW (240)
  HIGHEST GUST SPEED    15   HIGHEST GUST DIRECTION    SW (230)
  AVERAGE WIND SPEED     7.4


SKY COVER
  AVERAGE SKY COVER 0.0


WEATHER CONDITIONS
THE FOLLOWING WEATHER WAS RECORDED YESTERDAY.
  NO SIGNIFICANT WEATHER WAS OBSERVED.


RELATIVE HUMIDITY (PERCENT)
 HIGHEST    88
 LOWEST     30
 AVERAGE    59

..........................................................


THE GOODLAND KS CLIMATE NORMALS FOR TODAY
                         NORMAL    RECORD    YEAR
 MAXIMUM TEMPERATURE (F)   46        80      2014
 MINIMUM TEMPERATURE (F)   21       -12      1952


SUNRISE AND SUNSET
NOVEMBER 28 2020......SUNRISE   6:45 AM MST   SUNSET   4:25 PM MST
NOVEMBER 29 2020......SUNRISE   6:46 AM MST   SUNSET   4:24 PM MST


-  INDICATES NEGATIVE NUMBERS.
R  INDICATES RECORD WAS SET OR TIED.
MM INDICATES DATA IS MISSING.
T  INDICATES TRACE AMOUNT.

&&

THE AVERAGE SOIL TEMPERATURE AT THE FOUR-INCH DEPTH... 42.
THE CURRENT DEPTH OF FROST... 0 INCHES.

$$
