881
CDUS44 KJAN 282219
CLIGLH


CLIMATE REPORT
NATIONAL WEATHER SERVICE JACKSON MS
417 PM CST SAT NOV 28 2020


...................................

...THE GREENVILLE CLIMATE SUMMARY FOR NOVEMBER 28 2020...
VALID TODAY AS OF 0400 PM LOCAL TIME.

CLIMATE NORMAL PERIOD 1981 TO 2010
CLIMATE RECORD PERIOD 1903 TO 2020


WEATHER ITEM   OBSERVED TIME   RECORD YEAR NORMAL DEPARTURE LAST
                VALUE   (LST)  VALUE       VALUE  FROM      YEAR
                                                  NORMAL
..................................................................
TEMPERATURE (F)
 TODAY
  MAXIMUM         55    210 PM  80    1949  59     -4       53
  MINIMUM         47    805 AM  18    1938  39      8       44
  AVERAGE         51                        49      2       49

PRECIPITATION (IN)
  TODAY            0.00          5.85 1968   0.22  -0.22     0.00
  MONTH TO DATE    0.90                      4.58  -3.68     1.69
  SINCE SEP 1     12.81                     11.98   0.83    11.83
  SINCE JAN 1     55.84                     46.54   9.30    72.51

SNOWFALL (IN)
  TODAY            0.0

DEGREE DAYS
 HEATING
  TODAY           14                        16     -2       16
  MONTH TO DATE  190                       317   -127      441
  SINCE SEP 1    288                       431   -143      568
  SINCE JUL 1    288                       431   -143      568

 COOLING
  TODAY            0                         0      0        0
  MONTH TO DATE   23                         9     14        0
  SINCE SEP 1    455                       404     51      674
  SINCE JAN 1   2285                      2183    102     2538
..................................................................


WIND (MPH)
  HIGHEST WIND SPEED    17   HIGHEST WIND DIRECTION     N (20)
  HIGHEST GUST SPEED    23   HIGHEST GUST DIRECTION     N (20)
  AVERAGE WIND SPEED    11.2


SKY COVER
  POSSIBLE SUNSHINE  MM
  AVERAGE SKY COVER 0.2


WEATHER CONDITIONS
 THE FOLLOWING WEATHER WAS RECORDED TODAY.
  NO SIGNIFICANT WEATHER WAS OBSERVED.


RELATIVE HUMIDITY (PERCENT)
 HIGHEST    86           600 AM
 LOWEST     64           300 PM
 AVERAGE    75

..........................................................


THE GREENVILLE CLIMATE NORMALS FOR TOMORROW
                         NORMAL    RECORD    YEAR
 MAXIMUM TEMPERATURE (F)   59        81      1960
 MINIMUM TEMPERATURE (F)   39        17      1976


SUNRISE AND SUNSET
NOVEMBER 28 2020......SUNRISE   648 AM CST   SUNSET   456 PM CST
NOVEMBER 29 2020......SUNRISE   649 AM CST   SUNSET   456 PM CST


-  INDICATES NEGATIVE NUMBERS.
R  INDICATES RECORD WAS SET OR TIED.
MM INDICATES DATA IS MISSING.
T  INDICATES TRACE AMOUNT.




$$
