000
CDUS44 KHGX 280820
CLIGLS


CLIMATE REPORT
NATIONAL WEATHER SERVICE HOUSTON/GALVESTON TX
220 AM CST SAT NOV 28 2020


...................................

...THE GALVESTON CLIMATE SUMMARY FOR NOVEMBER 27 2020...

CLIMATE NORMAL PERIOD 1981 TO 2010
CLIMATE RECORD PERIOD 1875 TO 2020


WEATHER ITEM   OBSERVED TIME   RECORD YEAR NORMAL DEPARTURE LAST
                VALUE   (LST)  VALUE       VALUE  FROM      YEAR
                                                  NORMAL
..................................................................
TEMPERATURE (F)
 YESTERDAY
  MAXIMUM         81R   212 PM  79    1973  68     13       73
                                      1896
  MINIMUM         68   1129 PM  36    1938  55     13       63
  AVERAGE         75                        61     14       68

PRECIPITATION (IN)
  YESTERDAY        0.34          2.71 2001   0.13   0.21      T
  MONTH TO DATE    0.34                      4.02  -3.68     2.61
  SINCE SEP 1      6.85                     15.57  -8.72    31.33
  SINCE JAN 1     34.09                     46.75 -12.66    58.25

SNOWFALL (IN)
  YESTERDAY        0.0
  MONTH TO DATE    0.0
  SINCE JUL 1      0.0

DEGREE DAYS
 HEATING
  YESTERDAY        0                         5     -5        0
  MONTH TO DATE    1                        76    -75      146
  SINCE SEP 1     15                        85    -70      164
  SINCE JUL 1     15                        85    -70      164

 COOLING
  YESTERDAY       10                         2      8        3
  MONTH TO DATE  180                        94     86       62
  SINCE SEP 1   1072                       892    180     1049
  SINCE JAN 1   4028                      3286    742     3673
..................................................................


WIND (MPH)
  RESULTANT WIND SPEED   5   RESULTANT WIND DIRECTION   S (160)
  HIGHEST WIND SPEED    20   HIGHEST WIND DIRECTION     S (170)
  HIGHEST GUST SPEED    24   HIGHEST GUST DIRECTION     S (170)
  AVERAGE WIND SPEED    10.7


SKY COVER
  AVERAGE SKY COVER 0.7


WEATHER CONDITIONS
 THE FOLLOWING WEATHER WAS RECORDED YESTERDAY.
  HEAVY RAIN
  LIGHT RAIN
  FOG
  HAZE


RELATIVE HUMIDITY (PERCENT)
 HIGHEST    90
 LOWEST     74
 AVERAGE    82

..........................................................


THE GALVESTON CLIMATE NORMALS FOR TODAY
                         NORMAL    RECORD    YEAR
 MAXIMUM TEMPERATURE (F)   68        80      2016
 MINIMUM TEMPERATURE (F)   55        31      1976


SUNRISE AND SUNSET
NOVEMBER 28 2020......SUNRISE   654 AM CST   SUNSET   521 PM CST
NOVEMBER 29 2020......SUNRISE   655 AM CST   SUNSET   521 PM CST


-  INDICATES NEGATIVE NUMBERS.
R  INDICATES RECORD WAS SET OR TIED.
MM INDICATES DATA IS MISSING.
T  INDICATES TRACE AMOUNT.




$$
