000
CDUS44 KHGX 130634
CLIGLS

CLIMATE REPORT
NATIONAL WEATHER SERVICE HOUSTON/GALVESTON TX
134 AM CDT SUN JUN 13 2021

...................................

...THE GALVESTON CLIMATE SUMMARY FOR JUNE 12 2021...

CLIMATE NORMAL PERIOD: 1991 TO 2020
CLIMATE RECORD PERIOD: 1875 TO 2021


WEATHER ITEM   OBSERVED TIME   RECORD YEAR NORMAL DEPARTURE LAST
                VALUE   (LST)  VALUE       VALUE  FROM      YEAR
                                                  NORMAL
...................................................................
TEMPERATURE (F)
 YESTERDAY
  MAXIMUM         90   3:52 PM  94    1911  89      1       89
  MINIMUM         82   5:58 AM  67    1951  78      4       77
  AVERAGE         86                        84      2       83

PRECIPITATION (IN)
  YESTERDAY        0.00         10.27 1925   0.15  -0.15
  MONTH TO DATE    1.83                      1.53   0.30
  SINCE JUN 1      1.83                      1.53   0.30
  SINCE JAN 1     13.00                     16.09  -3.09

SNOWFALL (IN)
  YESTERDAY        0.0
  MONTH TO DATE    0.0
  SINCE JUN 1      0.0
  SINCE JUL 1      0.3

DEGREE DAYS
 HEATING
  YESTERDAY        0                         0      0        0
  MONTH TO DATE    0                         0      0        0
  SINCE JUN 1      0                         0      0        0
  SINCE JUL 1    878                       888    -10      616

 COOLING
  YESTERDAY       21                        19      2       18
  MONTH TO DATE  215                       215      0      237
  SINCE JUN 1    215                       215      0      237
  SINCE JAN 1    922                       952    -30     1225
...................................................................


WIND (MPH)
  HIGHEST WIND SPEED    16   HIGHEST WIND DIRECTION     S (200)
  HIGHEST GUST SPEED    21   HIGHEST GUST DIRECTION    SW (210)
  AVERAGE WIND SPEED     8.9


WEATHER CONDITIONS
THE FOLLOWING WEATHER WAS RECORDED YESTERDAY.
  NO SIGNIFICANT WEATHER WAS OBSERVED.


RELATIVE HUMIDITY (PERCENT)
 HIGHEST    79
 LOWEST     59
 AVERAGE    69

..........................................................


THE GALVESTON CLIMATE NORMALS FOR TODAY
                         NORMAL    RECORD    YEAR
 MAXIMUM TEMPERATURE (F)   90        97      1911
 MINIMUM TEMPERATURE (F)   78        57      1903


SUNRISE AND SUNSET
JUNE 13 2021..........SUNRISE   6:20 AM CDT   SUNSET   8:20 PM CDT
JUNE 14 2021..........SUNRISE   6:20 AM CDT   SUNSET   8:20 PM CDT


-  INDICATES NEGATIVE NUMBERS.
R  INDICATES RECORD WAS SET OR TIED.
MM INDICATES DATA IS MISSING.
T  INDICATES TRACE AMOUNT.




$$
