000
CDUS42 KJAX 040631
CLIGNV

CLIMATE REPORT
NATIONAL WEATHER SERVICE JACKSONVILLE FL
131 AM EST FRI DEC 04 2020

...................................

...THE GAINESVILLE CLIMATE SUMMARY FOR DECEMBER 3 2020...

CLIMATE NORMAL PERIOD: 1981 TO 2010
CLIMATE RECORD PERIOD: 1890 TO 2020


WEATHER ITEM   OBSERVED TIME   RECORD YEAR NORMAL DEPARTURE LAST
                VALUE   (LST)  VALUE       VALUE  FROM      YEAR
                                                  NORMAL
...................................................................
TEMPERATURE (F)
 YESTERDAY
  MAXIMUM         72   2:41 PM  86    1978  70      2       57
  MINIMUM         30   1:40 AM  28    2010  47    -17       30
  AVERAGE         51                        59     -8       44

PRECIPITATION (IN)
  YESTERDAY        0.00          2.19 1971   0.08  -0.08     0.00
  MONTH TO DATE    0.00                      0.22  -0.22     0.00
  SINCE DEC 1      0.00                      0.22  -0.22     0.00
  SINCE JAN 1     48.57                     45.15   3.42    43.66

SNOWFALL (IN)
  YESTERDAY        0.0

DEGREE DAYS
 HEATING
  YESTERDAY       14                         7      7       21
  MONTH TO DATE   60                        21     39       32
  SINCE DEC 1     60                        21     39       32
  SINCE JUL 1    112                       182    -70      190

 COOLING
  YESTERDAY        0                         1     -1        0
  MONTH TO DATE    0                         3     -3        7
  SINCE DEC 1      0                         3     -3        7
  SINCE JAN 1   3076                      2619    457     3402
...................................................................


WIND (MPH)
  HIGHEST WIND SPEED    15   HIGHEST WIND DIRECTION    SE (140)
  HIGHEST GUST SPEED    19   HIGHEST GUST DIRECTION    SE (130)
  AVERAGE WIND SPEED     3.4


SKY COVER
  AVERAGE SKY COVER 0.2


WEATHER CONDITIONS
THE FOLLOWING WEATHER WAS RECORDED YESTERDAY.
  NO SIGNIFICANT WEATHER WAS OBSERVED.


RELATIVE HUMIDITY (PERCENT)
 HIGHEST   100          12:00 AM
 LOWEST     53           3:00 PM
 AVERAGE    77

..........................................................


THE GAINESVILLE CLIMATE NORMALS FOR TODAY
                         NORMAL    RECORD    YEAR
 MAXIMUM TEMPERATURE (F)   70        84      1982
 MINIMUM TEMPERATURE (F)   47        24      1989


SUNRISE AND SUNSET
DECEMBER  4 2020......SUNRISE   7:09 AM EST   SUNSET   5:30 PM EST
DECEMBER  5 2020......SUNRISE   7:10 AM EST   SUNSET   5:30 PM EST


-  INDICATES NEGATIVE NUMBERS.
R  INDICATES RECORD WAS SET OR TIED.
MM INDICATES DATA IS MISSING.
T  INDICATES TRACE AMOUNT.




$$
