000
CDUS45 KMSO 282333
CLIGPI

CLIMATE REPORT
NATIONAL WEATHER SERVICE MISSOULA MT
433 PM MST SAT NOV 28 2020

...................................

...THE KALISPELL MT CLIMATE SUMMARY FOR NOVEMBER 28 2020...
VALID TODAY AS OF 0400 PM LOCAL TIME.

CLIMATE NORMAL PERIOD 1981 TO 2010
CLIMATE RECORD PERIOD 1894 TO 2020


WEATHER ITEM   OBSERVED TIME   RECORD YEAR NORMAL DEPARTURE LAST
                VALUE   (LST)  VALUE       VALUE  FROM      YEAR
                                                  NORMAL
...................................................................
TEMPERATURE (F)
 TODAY
  MAXIMUM         45    147 PM  51    1899  34     11       26
  MINIMUM         25    418 AM -16    1985  21      4       12
  AVERAGE         35                        27      8       19

PRECIPITATION (IN)
  TODAY            0.00          0.52 1995   0.05  -0.05     0.00
  MONTH TO DATE    1.79                      1.33   0.46     1.00
  SINCE OCT 1      4.44                      2.34   2.10     1.92
  SINCE JAN 1     16.85                     15.33   1.52    15.81

SNOWFALL (IN)
  TODAY            0.0
  MONTH TO DATE    6.8
  SINCE SEP 1     17.8
  SINCE JUL 1     17.8
  SNOW DEPTH       0

DEGREE DAYS
 HEATING
  TODAY           30                        38     -8       46
  MONTH TO DATE  848                       921    -73      948
  SINCE SEP 1   1886                      1959    -73     2090
  SINCE JUL 1   2048                      2129    -81     2217

 COOLING
  TODAY            0                         0      0        0
  MONTH TO DATE    0                         0      0        0
  SINCE SEP 1     14                         4     10        7
  SINCE JAN 1    155                       147      8      109
...................................................................


WIND (MPH)
  HIGHEST WIND SPEED    13   HIGHEST WIND DIRECTION    SW (210)
  HIGHEST GUST SPEED    16   HIGHEST GUST DIRECTION    SW (210)
  AVERAGE WIND SPEED     7.2


SKY COVER
  POSSIBLE SUNSHINE  MM
  AVERAGE SKY COVER 0.7


WEATHER CONDITIONS
THE FOLLOWING WEATHER WAS RECORDED TODAY.
  NO SIGNIFICANT WEATHER WAS OBSERVED.


RELATIVE HUMIDITY (PERCENT)
 HIGHEST   100           300 AM
 LOWEST     55           300 PM
 AVERAGE    78

..........................................................


THE KALISPELL MT CLIMATE NORMALS FOR TOMORROW
                         NORMAL    RECORD    YEAR
 MAXIMUM TEMPERATURE (F)   34        56      1932
 MINIMUM TEMPERATURE (F)   20       -14      1985


SUNRISE AND SUNSET
NOVEMBER 28 2020......SUNRISE   804 AM MST   SUNSET   446 PM MST
NOVEMBER 29 2020......SUNRISE   805 AM MST   SUNSET   446 PM MST


-  INDICATES NEGATIVE NUMBERS.
R  INDICATES RECORD WAS SET OR TIED.
MM INDICATES DATA IS MISSING.
T  INDICATES TRACE AMOUNT.




$$
