000
CDUS43 KGRB 290746
CLIGRB

CLIMATE REPORT
NATIONAL WEATHER SERVICE GREEN BAY
146 AM CST SUN NOV 29 2020

...................................

...THE GREEN BAY WI CLIMATE SUMMARY FOR NOVEMBER 28 2020...

CLIMATE NORMAL PERIOD: 1981 TO 2010
CLIMATE RECORD PERIOD: 1886 TO 2020


WEATHER ITEM   OBSERVED TIME   RECORD YEAR NORMAL DEPARTURE LAST
                VALUE   (LST)  VALUE       VALUE  FROM      YEAR
                                                  NORMAL
...................................................................
TEMPERATURE (F)
 YESTERDAY
  MAXIMUM         47   3:16 PM  58    2006  36     11       34
                                      2017
  MINIMUM         27   4:34 AM -12    1887  21      6       32
  AVERAGE         37                        28      9       33

PRECIPITATION (IN)
  YESTERDAY        0.00          1.47 2016   0.06  -0.06     0.00
  MONTH TO DATE    2.37                      1.99   0.38     2.46
  SINCE SEP 1      9.16                      7.47   1.69    16.25
  SINCE JAN 1     33.30                     27.87   5.43    45.56

SNOWFALL (IN)
  YESTERDAY        0.0           5.3  1983   0.3   -0.3      0.0
  MONTH TO DATE    1.0                       3.5   -2.5      7.0
  SINCE SEP 1      2.1                       3.7   -1.6     12.6
  SINCE JUL 1      2.1                       3.7   -1.6     12.6
  SNOW DEPTH       0

DEGREE DAYS
 HEATING
  YESTERDAY       28                        37     -9       32
  MONTH TO DATE  633                       842   -209      950
  SINCE SEP 1   1468                      1605   -137     1560
  SINCE JUL 1   1486                      1668   -182     1584

 COOLING
  YESTERDAY        0                         0      0        0
  MONTH TO DATE    5                         0      5        0
  SINCE SEP 1     24                        36    -12       64
  SINCE JAN 1    673                       398    275      535
...................................................................


WIND (MPH)
  HIGHEST WIND SPEED    15   HIGHEST WIND DIRECTION    SW (210)
  HIGHEST GUST SPEED    21   HIGHEST GUST DIRECTION    SW (210)
  AVERAGE WIND SPEED     8.2


SKY COVER
  POSSIBLE SUNSHINE  MM
  AVERAGE SKY COVER 0.0


WEATHER CONDITIONS
THE FOLLOWING WEATHER WAS RECORDED YESTERDAY.
  NO SIGNIFICANT WEATHER WAS OBSERVED.


RELATIVE HUMIDITY (PERCENT)
 HIGHEST    79          11:00 PM
 LOWEST     56           2:00 PM
 AVERAGE    68

..........................................................


THE GREEN BAY WI CLIMATE NORMALS FOR TODAY
                         NORMAL    RECORD    YEAR
 MAXIMUM TEMPERATURE (F)   35        63      1998
 MINIMUM TEMPERATURE (F)   21        -9      1976


SUNRISE AND SUNSET
NOVEMBER 29 2020......SUNRISE   7:07 AM CST   SUNSET   4:15 PM CST
NOVEMBER 30 2020......SUNRISE   7:08 AM CST   SUNSET   4:14 PM CST


-  INDICATES NEGATIVE NUMBERS.
R  INDICATES RECORD WAS SET OR TIED.
MM INDICATES DATA IS MISSING.
T  INDICATES TRACE AMOUNT.




$$
