336
CDUS43 KGID 260624
CLIGRI

CLIMATE REPORT
NATIONAL WEATHER SERVICE HASTINGS NE
1224 AM CST THU NOV 26 2020

...................................

...THE GRAND ISLAND NE CLIMATE SUMMARY FOR NOVEMBER 25 2020...

CLIMATE NORMAL PERIOD 1981 TO 2010
CLIMATE RECORD PERIOD 1895 TO 2020


WEATHER ITEM   OBSERVED TIME   RECORD YEAR NORMAL DEPARTURE LAST
                VALUE   (LST)  VALUE       VALUE  FROM      YEAR
                                                  NORMAL
...................................................................
TEMPERATURE (F)
 YESTERDAY
  MAXIMUM         47    413 PM  78    1960  44      3       55
  MINIMUM         21    803 AM  -2    1938  22     -1       32
  AVERAGE         34                        33      1       44

PRECIPITATION (IN)
  YESTERDAY        0.00          0.70 1978   0.03  -0.03     0.00
  MONTH TO DATE    1.16                      1.00   0.16     0.61
  SINCE SEP 1      2.48                      5.09  -2.61     3.33
  SINCE JAN 1     21.78                     25.86  -4.08    36.91

SNOWFALL (IN)
  YESTERDAY        0.0           5.0  1975   0.1   -0.1      0.0
  MONTH TO DATE    0.8                       2.4   -1.6      1.5
  SINCE SEP 1      1.5                       3.5   -2.0      3.1
  SINCE JUL 1      1.5                       3.5   -2.0      3.1
  SNOW DEPTH       0

DEGREE DAYS
 HEATING
  YESTERDAY       31                        32     -1       21
  MONTH TO DATE  444                       640   -196      624
  SINCE SEP 1   1010                      1153   -143     1184
  SINCE JUL 1   1010                      1163   -153     1185

 COOLING
  YESTERDAY        0                         0      0        0
  MONTH TO DATE    2                         0      2        0
  SINCE SEP 1    136                       120     16      232
  SINCE JAN 1   1292                      1034    258     1153
...................................................................


WIND (MPH)
  HIGHEST WIND SPEED    15   HIGHEST WIND DIRECTION     S (200)
  HIGHEST GUST SPEED    22   HIGHEST GUST DIRECTION    SW (210)
  AVERAGE WIND SPEED     7.7


SKY COVER
  AVERAGE SKY COVER 0.0


WEATHER CONDITIONS
THE FOLLOWING WEATHER WAS RECORDED YESTERDAY.
  NO SIGNIFICANT WEATHER WAS OBSERVED.


RELATIVE HUMIDITY (PERCENT)
 HIGHEST    81           700 AM
 LOWEST     42           300 PM
 AVERAGE    62

..........................................................


THE GRAND ISLAND NE CLIMATE NORMALS FOR TODAY
                         NORMAL    RECORD    YEAR
 MAXIMUM TEMPERATURE (F)   43        75      1960
 MINIMUM TEMPERATURE (F)   22        -6      1895


SUNRISE AND SUNSET
NOVEMBER 26 2020......SUNRISE   734 AM CST   SUNSET   507 PM CST
NOVEMBER 27 2020......SUNRISE   735 AM CST   SUNSET   507 PM CST


-  INDICATES NEGATIVE NUMBERS.
R  INDICATES RECORD WAS SET OR TIED.
MM INDICATES DATA IS MISSING.
T  INDICATES TRACE AMOUNT.




$$
