000
CDUS43 KGRR 041745 CCA
CLIGRR

CLIMATE REPORT
NATIONAL WEATHER SERVICE GRAND RAPIDS, MICHIGAN
1225 AM EST FRI DEC 04 2020

...................................

...THE GRAND RAPIDS CLIMATE SUMMARY FOR DECEMBER 3 2020...

CLIMATE NORMAL PERIOD: 1981 TO 2010
CLIMATE RECORD PERIOD: 1892 TO 2020


WEATHER ITEM   OBSERVED TIME   RECORD YEAR NORMAL DEPARTURE LAST
                VALUE   (LST)  VALUE       VALUE  FROM      YEAR
                                                  NORMAL
...................................................................
TEMPERATURE (F)
 YESTERDAY
  MAXIMUM         41  12:41 PM  65    2012  39      2       37
  MINIMUM         33   8:30 PM  -6    1976  27      6       26
  AVERAGE         37                        33      4       32

PRECIPITATION (IN)
  YESTERDAY        0.00          1.37 1982   0.09  -0.09      T
  MONTH TO DATE    0.00                      0.28  -0.28     0.85
  SINCE DEC 1      0.00                      0.28  -0.28     0.85
  SINCE JAN 1     34.63                     36.05  -1.42    48.18

SNOWFALL (IN)
  YESTERDAY        0.0           4.0  1996   0.6   -0.6       T
  MONTH TO DATE    0.0                       1.6   -1.6      3.6
  SINCE DEC 1      0.0                       1.6   -1.6      3.6
  SINCE JUL 1      0.4                       8.9   -8.5     10.4
  SNOW DEPTH       0

DEGREE DAYS
 HEATING
  YESTERDAY       28                        32     -4       33
  MONTH TO DATE   85                        94     -9       99
  SINCE DEC 1     85                        94     -9       99
  SINCE JUL 1   1361                      1432    -71     1521

 COOLING
  YESTERDAY        0                         0      0        0
  MONTH TO DATE    0                         0      0        0
  SINCE DEC 1      0                         0      0        0
  SINCE JAN 1    832                       699    133      742
...................................................................


WIND (MPH)
  RESULTANT WIND SPEED  14   RESULTANT WIND DIRECTION   W (250)
  HIGHEST WIND SPEED    26   HIGHEST WIND DIRECTION     W (250)
  HIGHEST GUST SPEED    35   HIGHEST GUST DIRECTION     W (260)
  AVERAGE WIND SPEED    14.1


SKY COVER
  POSSIBLE SUNSHINE  32 PERCENT
  AVERAGE SKY COVER 0.6

WEATHER CONDITIONS
THE FOLLOWING WEATHER WAS RECORDED YESTERDAY.
  NO SIGNIFICANT WEATHER WAS OBSERVED.


RELATIVE HUMIDITY (PERCENT)
 HIGHEST    88           8:00 PM
 LOWEST     66           1:00 AM
 AVERAGE    77

..........................................................


THE GRAND RAPIDS CLIMATE NORMALS FOR TODAY
                         NORMAL    RECORD    YEAR
 MAXIMUM TEMPERATURE (F)   39        65      2012
 MINIMUM TEMPERATURE (F)   27         6      1893


SUNRISE AND SUNSET
DECEMBER  4 2020......SUNRISE   7:57 AM EST   SUNSET   5:08 PM EST
DECEMBER  5 2020......SUNRISE   7:58 AM EST   SUNSET   5:08 PM EST


-  INDICATES NEGATIVE NUMBERS.
R  INDICATES RECORD WAS SET OR TIED.
MM INDICATES DATA IS MISSING.
T  INDICATES TRACE AMOUNT.




$$
