455
CDUS42 KRAH 290711
CLIGSO

CLIMATE REPORT
NATIONAL WEATHER SERVICE RALEIGH NC
211 AM EST SUN NOV 29 2020

...................................

...THE PIEDMONT TRIAD INTL AIRPORT NC CLIMATE SUMMARY FOR NOVEMBER 28 2020...

CLIMATE NORMAL PERIOD 1981 TO 2010
CLIMATE RECORD PERIOD 1903 TO 2020


WEATHER ITEM   OBSERVED TIME   RECORD YEAR NORMAL DEPARTURE LAST
                VALUE   (LST)  VALUE       VALUE  FROM      YEAR
                                                  NORMAL
...................................................................
TEMPERATURE (F)
 YESTERDAY
  MAXIMUM         66    224 PM  77    2001  56     10       57
  MINIMUM         42   1159 PM  13    1930  36      6       40
  AVERAGE         54                        46      8       49

PRECIPITATION (IN)
  YESTERDAY        T             2.04 1948   0.10  -0.10     0.00
  MONTH TO DATE    4.91                      2.90   2.01     2.25
  SINCE SEP 1     14.67                     10.22   4.45     8.87
  SINCE JAN 1     57.48                     39.01  18.47    46.96

SNOWFALL (IN)
  YESTERDAY        0.0           T    1966   0.0    0.0      0.0
  MONTH TO DATE    0.0                       0.1   -0.1       T
  SINCE SEP 1      0.0                       0.1   -0.1       T
  SNOW DEPTH       0

DEGREE DAYS
 HEATING
  YESTERDAY       11                        19     -8       16
  MONTH TO DATE  299                       408   -109      517
  SINCE SEP 1    475                       640   -165      614
  SINCE JUL 1    475                       641   -166      614

 COOLING
  YESTERDAY        0                         0      0        0
  MONTH TO DATE    6                         0      6        0
  SINCE SEP 1    196                       218    -22      429
  SINCE JAN 1   1512                      1480     32     1892
...................................................................


WIND (MPH)
  HIGHEST WIND SPEED    12   HIGHEST WIND DIRECTION    NW (330)
  HIGHEST GUST SPEED    16   HIGHEST GUST DIRECTION    NW (320)
  AVERAGE WIND SPEED     2.8


SKY COVER
  POSSIBLE SUNSHINE  MM
  AVERAGE SKY COVER 0.5


WEATHER CONDITIONS
THE FOLLOWING WEATHER WAS RECORDED YESTERDAY.
  LIGHT RAIN


RELATIVE HUMIDITY (PERCENT)
 HIGHEST    93          1200 AM
 LOWEST     34           300 PM
 AVERAGE    64

..........................................................


THE PIEDMONT TRIAD INTL AIRPORT NC CLIMATE NORMALS FOR TODAY
                         NORMAL    RECORD    YEAR
 MAXIMUM TEMPERATURE (F)   56        78      1909
 MINIMUM TEMPERATURE (F)   36        16      1930
                                             1955


SUNRISE AND SUNSET
NOVEMBER 29 2020......SUNRISE   711 AM EST   SUNSET   506 PM EST
NOVEMBER 30 2020......SUNRISE   712 AM EST   SUNSET   506 PM EST


-  INDICATES NEGATIVE NUMBERS.
R  INDICATES RECORD WAS SET OR TIED.
MM INDICATES DATA IS MISSING.
T  INDICATES TRACE AMOUNT.

$$
