000
CDUS42 KGSP 040734
CLIGSP

CLIMATE REPORT
NATIONAL WEATHER SERVICE GREENVILLE-SPARTANBURG SC
234 AM EST FRI DEC 04 2020

...................................

...THE GREENVILLE-SPARTANBURG SC CLIMATE SUMMARY FOR DECEMBER 3 2020...

CLIMATE NORMAL PERIOD 1981 TO 2010
CLIMATE RECORD PERIOD 1884 TO 2020


WEATHER ITEM   OBSERVED TIME   RECORD YEAR NORMAL DEPARTURE LAST
                VALUE   (LST)  VALUE       VALUE  FROM      YEAR
                                                  NORMAL
...................................................................
TEMPERATURE (F)
 YESTERDAY
  MAXIMUM         59    220 PM  74    1956  57      2       51
  MINIMUM         25    532 AM  16    1903  36    -11       33
  AVERAGE         42                        47     -5       42

PRECIPITATION (IN)
  YESTERDAY        0.00          3.25 1905   0.14  -0.14     0.00
  MONTH TO DATE    0.00                      0.43  -0.43     0.66
  SINCE DEC 1      0.00                      0.43  -0.43     0.66
  SINCE JAN 1     70.78                     43.51  27.27    45.55

SNOWFALL (IN)
  YESTERDAY        0.0          11.4  1971   0.0    0.0      0.0
  MONTH TO DATE    0.0                       0.0    0.0      0.0
  SINCE DEC 1      0.0                       0.0    0.0      0.0
  SINCE JUL 1      0.0                       0.1   -0.1      0.0
  SNOW DEPTH       0

DEGREE DAYS
 HEATING
  YESTERDAY       23                        18      5       23
  MONTH TO DATE   74                        54     20       50
  SINCE DEC 1     74                        54     20       50
  SINCE JUL 1    508                       607    -99      574

 COOLING
  YESTERDAY        0                         0      0        0
  MONTH TO DATE    0                         0      0        0
  SINCE DEC 1      0                         0      0        0
  SINCE JAN 1   1716                      1715      1     2135
...................................................................


WIND (MPH)
  HIGHEST WIND SPEED    14   HIGHEST WIND DIRECTION    SW (210)
  HIGHEST GUST SPEED    18   HIGHEST GUST DIRECTION    SW (230)
  AVERAGE WIND SPEED     4.1


SKY COVER
  POSSIBLE SUNSHINE  MM
  AVERAGE SKY COVER 0.2


WEATHER CONDITIONS
THE FOLLOWING WEATHER WAS RECORDED YESTERDAY.
  NO SIGNIFICANT WEATHER WAS OBSERVED.


RELATIVE HUMIDITY (PERCENT)
 HIGHEST    77           800 AM
 LOWEST     21           300 PM
 AVERAGE    49

..........................................................


THE GREENVILLE-SPARTANBURG SC CLIMATE NORMALS FOR TODAY
                         NORMAL    RECORD    YEAR
 MAXIMUM TEMPERATURE (F)   57        73      1970
                                             1998
                                             2012
 MINIMUM TEMPERATURE (F)   36        14      1896


SUNRISE AND SUNSET
DECEMBER  4 2020......SUNRISE   721 AM EST   SUNSET   517 PM EST
DECEMBER  5 2020......SUNRISE   722 AM EST   SUNSET   517 PM EST


-  INDICATES NEGATIVE NUMBERS.
R  INDICATES RECORD WAS SET OR TIED.
MM INDICATES DATA IS MISSING.
T  INDICATES TRACE AMOUNT.




$$
