789
CDUS45 KTFX 122240
CLIGTF

CLIMATE REPORT
NATIONAL WEATHER SERVICE GREAT FALLS MT
440 PM MDT SAT JUN 12 2021

...................................

...THE GREAT FALLS MT CLIMATE SUMMARY FOR JUNE 12 2021...
VALID TODAY AS OF 0400 PM LOCAL TIME.

CLIMATE NORMAL PERIOD 1991 TO 2020
CLIMATE RECORD PERIOD 1886 TO 2021


WEATHER ITEM   OBSERVED TIME   RECORD YEAR NORMAL DEPARTURE LAST
                VALUE   (LST)  VALUE       VALUE  FROM      YEAR
                                                  NORMAL
...................................................................
TEMPERATURE (F)
 TODAY
  MAXIMUM         75    257 PM  98    1918  71      4       89
  MINIMUM         45    400 AM  32    1969  45      0       56
  AVERAGE         60                        58      2       73

PRECIPITATION (IN)
  TODAY            0.00          1.23 1937   0.10  -0.10      T
  MONTH TO DATE    0.15                      1.31  -1.16     1.05
  SINCE OCT 1      9.91                      9.57   0.34     9.19
  SINCE JAN 1      6.84                      7.29  -0.45     6.49

DEGREE DAYS
 HEATING
  TODAY            5                         7     -2        0
  MONTH TO DATE   62                        98    -36       72
  SINCE JUN 1     62                        98    -36       72
  SINCE JUL 1   7358                      7626   -268     7752

 COOLING
  TODAY            0                         0      0        8
  MONTH TO DATE   22                         0     22        8
  SINCE JUN 1     22                         0     22        8
  SINCE JAN 1     25                         3     22        9
...................................................................


WIND (MPH)
  HIGHEST WIND SPEED    29   HIGHEST WIND DIRECTION     W (250)
  HIGHEST GUST SPEED    39   HIGHEST GUST DIRECTION     W (250)
  AVERAGE WIND SPEED     8.6


SKY COVER
  AVERAGE SKY COVER 0.6


WEATHER CONDITIONS
THE FOLLOWING WEATHER WAS RECORDED TODAY.
  NO SIGNIFICANT WEATHER WAS OBSERVED.


RELATIVE HUMIDITY (PERCENT)
 HIGHEST    73           400 AM
 LOWEST     27           200 PM
 AVERAGE    50

..........................................................


THE GREAT FALLS MT CLIMATE NORMALS FOR TOMORROW
                         NORMAL    RECORD    YEAR
 MAXIMUM TEMPERATURE (F)   72        97      1918
 MINIMUM TEMPERATURE (F)   46        32      1969


SUNRISE AND SUNSET
JUNE 12 2021..........SUNRISE   528 AM MDT   SUNSET   923 PM MDT
JUNE 13 2021..........SUNRISE   528 AM MDT   SUNSET   924 PM MDT


-  INDICATES NEGATIVE NUMBERS.
R  INDICATES RECORD WAS SET OR TIED.
MM INDICATES DATA IS MISSING.
T  INDICATES TRACE AMOUNT.




$$
