000
CDUS45 KTFX 280831
CLIGTF

CLIMATE REPORT
NATIONAL WEATHER SERVICE GREAT FALLS MT
131 AM MST SAT NOV 28 2020

...................................

...THE GREAT FALLS MT CLIMATE SUMMARY FOR NOVEMBER 27 2020...

CLIMATE NORMAL PERIOD 1981 TO 2010
CLIMATE RECORD PERIOD 1886 TO 2020


WEATHER ITEM   OBSERVED TIME   RECORD YEAR NORMAL DEPARTURE LAST
                VALUE   (LST)  VALUE       VALUE  FROM      YEAR
                                                  NORMAL
...................................................................
TEMPERATURE (F)
 YESTERDAY
  MAXIMUM         47    458 PM  64    1914  38      9       26
  MINIMUM         33   1225 AM -24    1985  19     14       11
  AVERAGE         40                        29     11       19

PRECIPITATION (IN)
  YESTERDAY        0.00          0.89 2005   0.02  -0.02     0.19
  MONTH TO DATE    0.93                      0.53   0.40     0.76
  SINCE OCT 1      2.97                      1.39   1.58     2.01
  SINCE JAN 1     14.33                     14.14   0.19    16.14

SNOWFALL (IN)
  YESTERDAY        0.0          10.8  2005   0.3   -0.3      3.8
  MONTH TO DATE   14.2                       7.2    7.0     11.0
  SINCE SEP 1     42.2                      12.5   29.7     47.3
  SINCE JUL 1     42.2                      12.8   29.4     47.3
  SNOW DEPTH       0

DEGREE DAYS
 HEATING
  YESTERDAY       25                        36    -11       46
  MONTH TO DATE  740                       839    -99      822
  SINCE SEP 1   1686                      1738    -52     1979
  SINCE JUL 1   1752                      1859   -107     2075

 COOLING
  YESTERDAY        0                         0      0        0
  MONTH TO DATE    0                         0      0        0
  SINCE SEP 1     26                        22      4       31
  SINCE JAN 1    307                       298      9      252
...................................................................


WIND (MPH)
  HIGHEST WIND SPEED    40   HIGHEST WIND DIRECTION     W (250)
  HIGHEST GUST SPEED    51   HIGHEST GUST DIRECTION     W (250)
  AVERAGE WIND SPEED    25.7


SKY COVER
  AVERAGE SKY COVER 0.0


WEATHER CONDITIONS
THE FOLLOWING WEATHER WAS RECORDED YESTERDAY.
  NO SIGNIFICANT WEATHER WAS OBSERVED.


RELATIVE HUMIDITY (PERCENT)
 HIGHEST    54          1200 AM
 LOWEST     23           700 PM
 AVERAGE    39

..........................................................


THE GREAT FALLS MT CLIMATE NORMALS FOR TODAY
                         NORMAL    RECORD    YEAR
 MAXIMUM TEMPERATURE (F)   38        64      1901
 MINIMUM TEMPERATURE (F)   19       -25      1985


SUNRISE AND SUNSET
NOVEMBER 28 2020......SUNRISE   749 AM MST   SUNSET   438 PM MST
NOVEMBER 29 2020......SUNRISE   750 AM MST   SUNSET   437 PM MST


-  INDICATES NEGATIVE NUMBERS.
R  INDICATES RECORD WAS SET OR TIED.
MM INDICATES DATA IS MISSING.
T  INDICATES TRACE AMOUNT.




$$
