000
CDGM40 PGUM 261827
CLIGUM


CLIMATE REPORT
NATIONAL WEATHER SERVICE TIYAN, GUAM
427 AM CHST FRI NOV 27 2020


...................................

...THE GUAM INTERNATIONAL AIRPORT CLIMATE SUMMARY FOR NOVEMBER 26 2020...

CLIMATE NORMAL PERIOD 1981 TO 2010
CLIMATE RECORD PERIOD 1945 TO 2020


WEATHER ITEM   OBSERVED TIME   RECORD YEAR NORMAL DEPARTURE LAST
                VALUE   (LST)  VALUE       VALUE  FROM      YEAR
                                                  NORMAL
..................................................................
TEMPERATURE (F)
 YESTERDAY
  MAXIMUM         87    326 PM  90    2017  86      1       87
                                      2016
                                      2014
  MINIMUM         79    719 AM  71    1967  77      2       76
  AVERAGE         83                        82      1       82

PRECIPITATION (IN)
  YESTERDAY        0.09          1.37 2019   0.29  -0.20     1.37
  MONTH TO DATE    7.61                      8.05  -0.44     7.60
  SINCE SEP 1     35.32                     34.02   1.30    39.23
  SINCE JAN 1     78.40                     90.54 -12.14    82.34

SNOWFALL (IN)
  YESTERDAY        0.0
  MONTH TO DATE    0.0
  SINCE SEP 1      0.0
  SINCE JUL 1      0.0
  SNOW DEPTH       0

DEGREE DAYS
 HEATING
  YESTERDAY        0                         0      0        0
  MONTH TO DATE    0                         0      0        0
  SINCE SEP 1      0                         0      0        0
  SINCE JUL 1      0                         0      0        0

 COOLING
  YESTERDAY       18                        17      1       17
  MONTH TO DATE  456                       442     14      463
  SINCE SEP 1   1518                      1451     67     1497
  SINCE JAN 1   5889                      5438    451     5826
..................................................................


WIND (MPH)
  RESULTANT WIND SPEED  11   RESULTANT WIND DIRECTION   E (80)
  HIGHEST WIND SPEED    24   HIGHEST WIND DIRECTION     E (80)
  HIGHEST GUST SPEED    32   HIGHEST GUST DIRECTION     E (80)
  AVERAGE WIND SPEED    11.5


SKY COVER
  POSSIBLE SUNSHINE  MM
  AVERAGE SKY COVER 0.4


WEATHER CONDITIONS
 THE FOLLOWING WEATHER WAS RECORDED YESTERDAY.
  LIGHT RAIN


RELATIVE HUMIDITY (PERCENT)
 HIGHEST    91           600 AM
 LOWEST     65           300 PM
 AVERAGE    78

..........................................................


THE GUAM INTERNATIONAL AIRPORT CLIMATE NORMALS FOR TODAY
                         NORMAL    RECORD    YEAR
 MAXIMUM TEMPERATURE (F)   86        91      2016
                                             1988
 MINIMUM TEMPERATURE (F)   77        71      1967


SUNRISE AND SUNSET
NOVEMBER 27 2020......SUNRISE   626 AM CHST  SUNSET   551 PM CHST
NOVEMBER 28 2020......SUNRISE   626 AM CHST  SUNSET   551 PM CHST


-  INDICATES NEGATIVE NUMBERS.
R  INDICATES RECORD WAS SET OR TIED.
MM INDICATES DATA IS MISSING.
T  INDICATES TRACE AMOUNT.




$$
