000
CDUS44 KAMA 130633
CLIGUY

CLIMATE REPORT
NATIONAL WEATHER SERVICE AMARILLO
133 AM CDT SUN JUN 13 2021

...................................

...THE GUYMON CLIMATE SUMMARY FOR JUNE 12 2021...

CLIMATE NORMAL PERIOD: 1991 TO 2020
CLIMATE RECORD PERIOD: 1998 TO 2021


WEATHER ITEM   OBSERVED TIME   RECORD YEAR NORMAL DEPARTURE LAST
                VALUE   (LST)  VALUE       VALUE  FROM      YEAR
                                                  NORMAL
...................................................................
TEMPERATURE (F)
 YESTERDAY
  MAXIMUM         88   4:37 PM  MM      MM  90     -2      100
  MINIMUM         67  11:59 PM  MM      MM  61      6       65
  AVERAGE         78                        75      3       83

PRECIPITATION (IN)
  YESTERDAY        0.19         MM      MM   0.10   0.09     0.00
  MONTH TO DATE    0.23                      1.27  -1.04     0.06
  SINCE JUN 1      0.23                      1.27  -1.04     0.06
  SINCE JAN 1      7.49                      6.86   0.63     4.22

SNOWFALL (IN)
  YESTERDAY       MM            MM      MM  MM     MM       MM
  MONTH TO DATE   MM                         0.0   MM       MM
  SINCE JUN 1     MM                         0.0   MM       MM
  SINCE JUL 1     MM                        MM     MM       MM
  SNOW DEPTH      MM

DEGREE DAYS
 HEATING
  YESTERDAY        0                         0      0        0
  MONTH TO DATE    3                         0      3        1
  SINCE JUN 1      3                         0      3        1
  SINCE JUL 1   4465                      4290    175     4158

 COOLING
  YESTERDAY       13                        11      2       18
  MONTH TO DATE  119                       108     11      170
  SINCE JUN 1    119                       108     11      170
  SINCE JAN 1    233                       252    -19      343
...................................................................


WIND (MPH)
  RESULTANT WIND SPEED   6   RESULTANT WIND DIRECTION   E (80)
  HIGHEST WIND SPEED    26   HIGHEST WIND DIRECTION     W (290)
  HIGHEST GUST SPEED    41   HIGHEST GUST DIRECTION     W (280)
  AVERAGE WIND SPEED     8.9


SKY COVER
  AVERAGE SKY COVER 0.8


WEATHER CONDITIONS
THE FOLLOWING WEATHER WAS RECORDED YESTERDAY.
  THUNDERSTORM
  LIGHT RAIN
  FOG


RELATIVE HUMIDITY (PERCENT)
 HIGHEST   100           7:00 AM
 LOWEST     50           4:00 PM
 AVERAGE    75

..........................................................


THE GUYMON CLIMATE NORMALS FOR TODAY
                         NORMAL    RECORD    YEAR
 MAXIMUM TEMPERATURE (F)   90        MM        MM
 MINIMUM TEMPERATURE (F)   61        MM        MM


SUNRISE AND SUNSET
JUNE 13 2021..........SUNRISE   6:27 AM CDT   SUNSET   9:06 PM CDT
JUNE 14 2021..........SUNRISE   6:27 AM CDT   SUNSET   9:06 PM CDT


-  INDICATES NEGATIVE NUMBERS.
R  INDICATES RECORD WAS SET OR TIED.
MM INDICATES DATA IS MISSING.
T  INDICATES TRACE AMOUNT.




$$
