827
CDUS42 KFFC 260919
CLIGVL

CLIMATE REPORT
NATIONAL WEATHER SERVICE PEACHTREE CITY GA
419 AM EST THU NOV 26 2020

...................................

...THE GAINESVILLE   CLIMATE SUMMARY FOR NOVEMBER 25 2020...

CLIMATE NORMAL PERIOD: 1981 TO 2010
CLIMATE RECORD PERIOD: 9999 TO 9999


WEATHER ITEM   OBSERVED TIME   RECORD YEAR NORMAL DEPARTURE LAST
                VALUE   (LST)  VALUE       VALUE  FROM      YEAR
                                                  NORMAL
...................................................................
TEMPERATURE (F)
 YESTERDAY
  MAXIMUM         63   3:28 PM  MM      MM  58      5       62
  MINIMUM         46  12:09 AM  MM      MM  41      5       37
  AVERAGE         55                        49      6       50

PRECIPITATION (IN)
  YESTERDAY        0.51         MM      MM   0.19   0.32     0.00
  MONTH TO DATE    1.29                      3.42  -2.13     2.79
  SINCE SEP 1     16.24                     12.18   4.06     7.58
  SINCE JAN 1     66.11                     48.43  17.68    44.89

SNOWFALL (IN)
  YESTERDAY       MM            MM      MM  MM     MM       MM
  MONTH TO DATE   MM                         0.0   MM        0.0
  SINCE SEP 1      0.0                      MM     MM        0.0
  SINCE JUL 1      0.0                      MM     MM        0.0
  SNOW DEPTH      MM

DEGREE DAYS
 HEATING
  YESTERDAY       10                        16     -6       15
  MONTH TO DATE  196                       295    -99      387
  SINCE SEP 1    299                       453   -154      467
  SINCE JUL 1    299                       453   -154      467
...................................................................


WIND (MPH)
  RESULTANT WIND SPEED   7   RESULTANT WIND DIRECTION   E (100)
  HIGHEST WIND SPEED    17   HIGHEST WIND DIRECTION    NW (330)
  HIGHEST GUST SPEED    20   HIGHEST GUST DIRECTION    NW (320)
  AVERAGE WIND SPEED     7.3


SKY COVER
  AVERAGE SKY COVER 1.0


WEATHER CONDITIONS
THE FOLLOWING WEATHER WAS RECORDED YESTERDAY.
  HEAVY RAIN
  RAIN
  LIGHT RAIN
  FOG


RELATIVE HUMIDITY (PERCENT)
 HIGHEST    96           7:00 PM
 LOWEST     60          12:00 AM
 AVERAGE    78

..........................................................


THE GAINESVILLE   CLIMATE NORMALS FOR TODAY
                         NORMAL    RECORD    YEAR
 MAXIMUM TEMPERATURE (F)   58        MM        MM
 MINIMUM TEMPERATURE (F)   40        MM        MM


SUNRISE AND SUNSET
NOVEMBER 26 2020......SUNRISE   7:19 AM EST   SUNSET   5:26 PM EST
NOVEMBER 27 2020......SUNRISE   7:20 AM EST   SUNSET   5:26 PM EST


-  INDICATES NEGATIVE NUMBERS.
R  INDICATES RECORD WAS SET OR TIED.
MM INDICATES DATA IS MISSING.
T  INDICATES TRACE AMOUNT.




$$
