882
CDUS44 KJAN 282219
CLIGWO


CLIMATE REPORT
NATIONAL WEATHER SERVICE JACKSON MS
417 PM CST SAT NOV 28 2020


...................................

...THE GREENWOOD CLIMATE SUMMARY FOR NOVEMBER 28 2020...
VALID TODAY AS OF 0400 PM LOCAL TIME.

CLIMATE NORMAL PERIOD 1981 TO 2010
CLIMATE RECORD PERIOD 1948 TO 2020


WEATHER ITEM   OBSERVED TIME   RECORD YEAR NORMAL DEPARTURE LAST
                VALUE   (LST)  VALUE       VALUE  FROM      YEAR
                                                  NORMAL
..................................................................
TEMPERATURE (F)
 TODAY
  MAXIMUM         57    140 AM  80    1949  61     -4       57
  MINIMUM         45    711 AM  19    2013  39      6       41
  AVERAGE         51                        50      1       49

PRECIPITATION (IN)
  TODAY            0.00          1.44 2016   0.19  -0.19     0.00
  MONTH TO DATE    1.40                      4.14  -2.74     3.00
  SINCE SEP 1      8.23                     11.67  -3.44    11.11
  SINCE JAN 1     54.21                     45.74   8.47    63.89

SNOWFALL (IN)
  TODAY            0.0

DEGREE DAYS
 HEATING
  TODAY           14                        15     -1       16
  MONTH TO DATE  194                       306   -112      435
  SINCE SEP 1    286                       437   -151      548
  SINCE JUL 1    286                       437   -151      548

 COOLING
  TODAY            0                         0      0        0
  MONTH TO DATE   22                        14      8        0
  SINCE SEP 1    443                       414     29      710
  SINCE JAN 1   2323                      2156    167     2547
..................................................................


WIND (MPH)
  HIGHEST WIND SPEED    13   HIGHEST WIND DIRECTION    NE (40)
  HIGHEST GUST SPEED    17   HIGHEST GUST DIRECTION    NE (30)
  AVERAGE WIND SPEED     6.0


SKY COVER
  POSSIBLE SUNSHINE  MM
  AVERAGE SKY COVER 0.3


WEATHER CONDITIONS
 THE FOLLOWING WEATHER WAS RECORDED TODAY.
  FOG


RELATIVE HUMIDITY (PERCENT)
 HIGHEST    93          1200 AM
 LOWEST     72           100 PM
 AVERAGE    83

..........................................................


THE GREENWOOD CLIMATE NORMALS FOR TOMORROW
                         NORMAL    RECORD    YEAR
 MAXIMUM TEMPERATURE (F)   61        80      1970
 MINIMUM TEMPERATURE (F)   39        18      1976


SUNRISE AND SUNSET
NOVEMBER 28 2020......SUNRISE   644 AM CST   SUNSET   453 PM CST
NOVEMBER 29 2020......SUNRISE   645 AM CST   SUNSET   452 PM CST


-  INDICATES NEGATIVE NUMBERS.
R  INDICATES RECORD WAS SET OR TIED.
MM INDICATES DATA IS MISSING.
T  INDICATES TRACE AMOUNT.




$$
