000
CDUS41 KGYX 040906
CLIGYX


CLIMATE REPORT
NATIONAL WEATHER SERVICE GRAY ME
405 AM EST FRI DEC 4 2020


...................................

...THE GRAY ME CLIMATE SUMMARY FOR DECEMBER 3 2020...

CLIMATE NORMAL PERIOD 1981 TO 2010
CLIMATE RECORD PERIOD 1995 TO 2020


WEATHER ITEM   OBSERVED TIME   RECORD YEAR NORMAL DEPARTURE LAST
                VALUE   (LST)  VALUE       VALUE  FROM      YEAR
                                                  NORMAL
..................................................................
TEMPERATURE (F)
 YESTERDAY
  MAXIMUM         42        MM  MM      MM  39      3       29
  MINIMUM         27        MM  MM      MM  25      2       24
  AVERAGE         35                        32      3       27

PRECIPITATION (IN)
  YESTERDAY        0.00         MM      MM   0.14  -0.14     0.48
  MONTH TO DATE    0.88                      0.42   0.46     0.57
  SINCE DEC 1      0.88                      0.42   0.46     0.57
  SINCE JAN 1     43.83                     46.58  -2.75    44.73

SNOWFALL (IN)
  YESTERDAY        0.0          MM      MM   0.4   -0.4      4.9
  MONTH TO DATE    0.0                       1.1   -1.1      5.6
  SINCE DEC 1      0.0                       1.1   -1.1      5.6
  SINCE JUL 1      0.1                       4.2   -4.1      6.3
  SNOW DEPTH       0

DEGREE DAYS
 HEATING
  YESTERDAY       30                        33     -3       38
  MONTH TO DATE   75                        99    -24      118
  SINCE DEC 1     75                        99    -24      118
  SINCE JUL 1   1459                      1596   -137     1654

 COOLING
  YESTERDAY        0                         0      0        0
  MONTH TO DATE    0                         0      0        0
  SINCE DEC 1      0                         0      0        0
  SINCE JAN 1    548                       389    159      433
..................................................................







THE GRAY ME CLIMATE NORMALS FOR TODAY
                         NORMAL
 MAXIMUM TEMPERATURE (F)   38
 MINIMUM TEMPERATURE (F)   24


SUNRISE AND SUNSET
DECEMBER  4 2020......SUNRISE   659 AM EST   SUNSET   404 PM EST
DECEMBER  5 2020......SUNRISE   700 AM EST   SUNSET   403 PM EST


-  INDICATES NEGATIVE NUMBERS.
R  INDICATES RECORD WAS SET OR TIED.
MM INDICATES DATA IS MISSING.
T  INDICATES TRACE AMOUNT.




$$
