000
CDUS44 KJAN 040739
CLIHBG


CLIMATE REPORT
NATIONAL WEATHER SERVICE JACKSON MS
136 AM CST FRI DEC 4 2020


...................................

...THE HATTIESBURG CLIMATE SUMMARY FOR DECEMBER 3 2020...

CLIMATE NORMAL PERIOD 1981 TO 2010
CLIMATE RECORD PERIOD 1893 TO 2020


WEATHER ITEM   OBSERVED TIME   RECORD YEAR NORMAL DEPARTURE LAST
                VALUE   (LST)  VALUE       VALUE  FROM      YEAR
                                                  NORMAL
..................................................................
TEMPERATURE (F)
 YESTERDAY
  MAXIMUM         68    236 PM  90    1925  64      4       58
  MINIMUM         40    651 AM  18    1935  41     -1       28
  AVERAGE         54                        53      1       43

PRECIPITATION (IN)
  YESTERDAY        0.03          3.25 1990   0.15  -0.12     0.00
  MONTH TO DATE    0.03                      0.46  -0.43     0.08
  SINCE DEC 1      0.03                      0.46  -0.43     0.08
  SINCE JAN 1     48.99                     54.72  -5.73    62.79

SNOWFALL (IN)
  YESTERDAY        0.0

DEGREE DAYS
 HEATING
  YESTERDAY       11                        13     -2       22
  MONTH TO DATE   58                        38     20       48
  SINCE DEC 1     58                        38     20       48
  SINCE JUL 1    276                       366    -90      443

 COOLING
  YESTERDAY        0                         1     -1        0
  MONTH TO DATE    0                         3     -3        0
  SINCE DEC 1      0                         3     -3        0
  SINCE JAN 1   2560                      2393    167     2776
..................................................................


WIND (MPH)
  HIGHEST WIND SPEED    10   HIGHEST WIND DIRECTION    SE (130)
  HIGHEST GUST SPEED    13   HIGHEST GUST DIRECTION    SE (130)
  AVERAGE WIND SPEED     3.2


SKY COVER
  POSSIBLE SUNSHINE  MM
  AVERAGE SKY COVER 0.5


WEATHER CONDITIONS
 THE FOLLOWING WEATHER WAS RECORDED YESTERDAY.
  HEAVY RAIN
  RAIN
  LIGHT RAIN
  FOG


RELATIVE HUMIDITY (PERCENT)
 HIGHEST    93          1000 PM
 LOWEST     56          1200 PM
 AVERAGE    75

..........................................................


THE HATTIESBURG CLIMATE NORMALS FOR TODAY
                         NORMAL    RECORD    YEAR
 MAXIMUM TEMPERATURE (F)   64        83      1906
 MINIMUM TEMPERATURE (F)   41        21      1929


SUNRISE AND SUNSET
DECEMBER  4 2020......SUNRISE   641 AM CST   SUNSET   454 PM CST
DECEMBER  5 2020......SUNRISE   642 AM CST   SUNSET   454 PM CST


-  INDICATES NEGATIVE NUMBERS.
R  INDICATES RECORD WAS SET OR TIED.
MM INDICATES DATA IS MISSING.
T  INDICATES TRACE AMOUNT.




$$
