000
CDUS41 KLWX 130524
CLIHGR

CLIMATE REPORT
NATIONAL WEATHER SERVICE BALTIMORE MD/WASHINGTON DC
124 AM EDT SUN JUN 13 2021

...................................

...THE HAGERSTOWN MD CLIMATE SUMMARY FOR JUNE 12 2021...

CLIMATE NORMAL PERIOD: 1991 TO 2020
CLIMATE RECORD PERIOD: 1998 TO 2021


WEATHER ITEM   OBSERVED TIME   NORMAL DEPARTURE LAST
                VALUE   (LST)  VALUE  FROM      YEAR
                                      NORMAL
.......................................................
TEMPERATURE (F)
 YESTERDAY
  MAXIMUM         75   6:23 PM  82     -7       87
  MINIMUM         60   5:06 AM  63     -3       60
  AVERAGE         68            72     -4       74

PRECIPITATION (IN)
  YESTERDAY        0.00          0.12  -0.12     0.00
  MONTH TO DATE    1.13          1.37  -0.24     0.61
  SINCE JUN 1      1.13          1.37  -0.24     0.61
  SINCE JAN 1     13.32         15.72  -2.40    13.72

DEGREE DAYS
 HEATING
  YESTERDAY        0             0      0        0
  MONTH TO DATE    0             7     -7        3
  SINCE JUN 1      0             7     -7        3
  SINCE JUL 1   4457          4712   -255     4375

 COOLING
  YESTERDAY        3             8     -5        9
  MONTH TO DATE  113            77     36      118
  SINCE JUN 1    113            77     36      118
  SINCE JAN 1    224           191     33      195
.......................................................


WIND (MPH)
  HIGHEST WIND SPEED    12   HIGHEST WIND DIRECTION     N (350)
  HIGHEST GUST SPEED    14   HIGHEST GUST DIRECTION     N (360)
  AVERAGE WIND SPEED     4.8


SKY COVER
  AVERAGE SKY COVER 0.8


WEATHER CONDITIONS
THE FOLLOWING WEATHER WAS RECORDED YESTERDAY.
  FOG


RELATIVE HUMIDITY (PERCENT)
 HIGHEST    93          12:00 AM
 LOWEST     66           2:00 PM
 AVERAGE    80

..........................................................


THE HAGERSTOWN MD CLIMATE NORMALS FOR TODAY
                         NORMAL




SUNRISE AND SUNSET
JUNE 13 2021..........SUNRISE   5:42 AM EDT   SUNSET   8:40 PM EDT
JUNE 14 2021..........SUNRISE   5:42 AM EDT   SUNSET   8:40 PM EDT


-  INDICATES NEGATIVE NUMBERS.
R  INDICATES RECORD WAS SET OR TIED.
MM INDICATES DATA IS MISSING.
T  INDICATES TRACE AMOUNT.




$$
