282
CDUS41 KLWX 280523
CLIHGR

CLIMATE REPORT
NATIONAL WEATHER SERVICE BALTIMORE MD/WASHINGTON DC
1223 AM EST SAT NOV 28 2020

...................................

...THE HAGERSTOWN MD CLIMATE SUMMARY FOR NOVEMBER 27 2020...

CLIMATE NORMAL PERIOD: 1981 TO 2010
CLIMATE RECORD PERIOD: 1998 TO 2020


WEATHER ITEM   OBSERVED TIME   NORMAL DEPARTURE LAST
                VALUE   (LST)  VALUE  FROM      YEAR
                                      NORMAL
.......................................................
TEMPERATURE (F)
 YESTERDAY
  MAXIMUM         59   1:54 PM  48     11       61
  MINIMUM         48   4:42 AM  33     15       42
  AVERAGE         54            40     14       52

PRECIPITATION (IN)
  YESTERDAY        0.00          0.13  -0.13      T
  MONTH TO DATE    0.81          2.84  -2.03     0.80
  SINCE SEP 1      4.88          9.39  -4.51     6.53
  SINCE JAN 1     23.89         36.02 -12.13    34.90

DEGREE DAYS
 HEATING
  YESTERDAY       11            25    -14       13
  MONTH TO DATE  364           527   -163      610
  SINCE SEP 1    655           924   -269      829
  SINCE JUL 1    655           929   -274      829

 COOLING
  YESTERDAY        0             0      0        0
  MONTH TO DATE    0             0      0        0
  SINCE SEP 1    138           101     37      264
  SINCE JAN 1   1381           969    412     1473
.......................................................


WIND (MPH)
  HIGHEST WIND SPEED     8   HIGHEST WIND DIRECTION    NE (40)
  HIGHEST GUST SPEED    11   HIGHEST GUST DIRECTION    NE (30)
  AVERAGE WIND SPEED     1.9


SKY COVER
  AVERAGE SKY COVER 0.9


WEATHER CONDITIONS
THE FOLLOWING WEATHER WAS RECORDED YESTERDAY.
  NO SIGNIFICANT WEATHER WAS OBSERVED.


RELATIVE HUMIDITY (PERCENT)
 HIGHEST    77           6:00 AM
 LOWEST     56           9:00 PM
 AVERAGE    67

..........................................................


THE HAGERSTOWN MD CLIMATE NORMALS FOR TODAY
                         NORMAL




SUNRISE AND SUNSET
NOVEMBER 28 2020......SUNRISE   7:10 AM EST   SUNSET   4:48 PM EST
NOVEMBER 29 2020......SUNRISE   7:11 AM EST   SUNSET   4:47 PM EST


-  INDICATES NEGATIVE NUMBERS.
R  INDICATES RECORD WAS SET OR TIED.
MM INDICATES DATA IS MISSING.
T  INDICATES TRACE AMOUNT.




$$
