000
CDUS46 KHNX 290030
CLIHJO


CLIMATE REPORT
NATIONAL WEATHER SERVICE SAN JOAQUIN VALLEY, CA
429 PM PST SAT NOV 28 2020


...................................

...THE HANFORD CA CLIMATE SUMMARY FOR NOVEMBER 28 2020...
VALID AS OF 0400 PM LOCAL TIME.

CLIMATE NORMAL PERIOD 1981 TO 2010
CLIMATE RECORD PERIOD 1998 TO 2020


WEATHER ITEM   OBSERVED TIME   RECORD YEAR NORMAL DEPARTURE LAST
                VALUE   (LST)  VALUE       VALUE  FROM      YEAR
                                                  NORMAL
..................................................................
TEMPERATURE (F)
 TODAY
  MAXIMUM         66    321 PM  78    1917  59      7       52
  MINIMUM         30    720 AM  19    1948  36     -6       39
  AVERAGE         48                        48      0       46

PRECIPITATION (IN)
  TODAY            0.00          0.57 2018   0.02  -0.02     0.08
  MONTH TO DATE    0.13                      0.96  -0.83     0.48
  SINCE OCT 1      0.13                      1.46  -1.33     0.48
  SINCE JAN 1      4.44                      8.43  -3.99     8.11

SNOWFALL (IN)
  TODAY            0.0
  MONTH TO DATE    0.0
  SINCE SEP 1      0.0
  SINCE JUL 1      0.0
  SNOW DEPTH       0

DEGREE DAYS
 HEATING
  TODAY           17                                        19
  MONTH TO DATE  331                                       229
  SINCE SEP 1    376                                       340
  SINCE JUL 1    376                                       340

 COOLING
  TODAY            0                                         0
  MONTH TO DATE    0                                         0
  SINCE SEP 1    512                                       341
  SINCE JAN 1   2244                                      2025
..................................................................


WIND (MPH)
  HIGHEST WIND SPEED     7   HIGHEST WIND DIRECTION     W (290)
  HIGHEST GUST SPEED     9   HIGHEST GUST DIRECTION    NW (310)
  AVERAGE WIND SPEED     1.9




RELATIVE HUMIDITY (PERCENT)
 HIGHEST    92
 LOWEST     30
 AVERAGE    61

..........................................................


THE HANFORD CA CLIMATE NORMALS FOR TOMORROW
                         NORMAL    RECORD    YEAR
 MAXIMUM TEMPERATURE (F)   59        85      1938
 MINIMUM TEMPERATURE (F)   36        20      1914


SUNRISE AND SUNSET
NOVEMBER 28 2020......SUNRISE   649 AM PST   SUNSET   444 PM PST
NOVEMBER 29 2020......SUNRISE   650 AM PST   SUNSET   444 PM PST


-  INDICATES NEGATIVE NUMBERS.
R  INDICATES RECORD WAS SET OR TIED.
MM INDICATES DATA IS MISSING.
T  INDICATES TRACE AMOUNT.




$$
