070
CDUS44 KJAN 282219
CLIHKS


CLIMATE REPORT
NATIONAL WEATHER SERVICE JACKSON MS
417 PM CST SAT NOV 28 2020


...................................

...THE JACKSON HAWKINS CLIMATE SUMMARY FOR NOVEMBER 28 2020...
VALID TODAY AS OF 0400 PM LOCAL TIME.

CLIMATE NORMAL PERIOD 1981 TO 2010
CLIMATE RECORD PERIOD 9999 TO 9999


WEATHER ITEM   OBSERVED TIME   NORMAL DEPARTURE LAST
                VALUE   (LST)  VALUE  FROM      YEAR
                                      NORMAL
......................................................
TEMPERATURE (F)
 TODAY
  MAXIMUM         61    209 AM  63     -2       64
  MINIMUM         56   1215 PM  42     14       48
  AVERAGE         59            52      7       56

PRECIPITATION (IN)
  TODAY            0.01          0.19  -0.18     0.00
  MONTH TO DATE    1.69          4.35  -2.66     1.41
  SINCE SEP 1     11.61         11.56   0.05    13.57
  SINCE JAN 1     75.78         48.71  27.07    54.48

SNOWFALL (IN)
  TODAY            0.0

DEGREE DAYS
 HEATING
  TODAY            6            13     -7        9
  MONTH TO DATE  136           253   -117      361
  SINCE SEP 1    190           338   -148      437
  SINCE JUL 1    190           338   -148      437

 COOLING
  TODAY            0             0      0        0
  MONTH TO DATE   30            15     15        0
  SINCE SEP 1    538           476     62      730
  SINCE JAN 1   2512          2324    188     2746
......................................................


WIND (MPH)
  HIGHEST WIND SPEED     9   HIGHEST WIND DIRECTION     N (20)
  HIGHEST GUST SPEED    15   HIGHEST GUST DIRECTION    NE (30)
  AVERAGE WIND SPEED     4.1


SKY COVER
  POSSIBLE SUNSHINE  MM
  AVERAGE SKY COVER 0.9


WEATHER CONDITIONS
 THE FOLLOWING WEATHER WAS RECORDED TODAY.
  LIGHT RAIN
  FOG


RELATIVE HUMIDITY (PERCENT)
 HIGHEST    90          1200 AM
 LOWEST     72           200 PM
 AVERAGE    81

..........................................................


THE JACKSON HAWKINS CLIMATE NORMALS FOR TOMORROW
                         NORMAL
 MAXIMUM TEMPERATURE (F)   63
 MINIMUM TEMPERATURE (F)   42


SUNRISE AND SUNSET
NOVEMBER 28 2020......SUNRISE   642 AM CST   SUNSET   456 PM CST
NOVEMBER 29 2020......SUNRISE   643 AM CST   SUNSET   456 PM CST


-  INDICATES NEGATIVE NUMBERS.
R  INDICATES RECORD WAS SET OR TIED.
MM INDICATES DATA IS MISSING.
T  INDICATES TRACE AMOUNT.




$$
