477
CDUS43 KGLD 290036
CLIHLC

CLIMATE REPORT
NATIONAL WEATHER SERVICE
536 PM MST SAT NOV 28 2020

...................................

...THE HILL CITY KS CLIMATE SUMMARY FOR NOVEMBER 28 2020...
VALID TODAY AS OF 0500 PM LOCAL TIME.

CLIMATE NORMAL PERIOD: 1981 TO 2010
CLIMATE RECORD PERIOD: 1896 TO 2020


WEATHER ITEM   OBSERVED TIME   RECORD YEAR NORMAL DEPARTURE LAST
                VALUE   (LST)  VALUE       VALUE  FROM      YEAR
                                                  NORMAL
...................................................................
TEMPERATURE (F)
 TODAY
  MAXIMUM         62   3:09 PM  80    2014  47     15       33
  MINIMUM         25   7:46 AM -11    1952  22      3       27
  AVERAGE         44                        35      9       30

PRECIPITATION (IN)
  TODAY            0.00                      0.02  -0.02     0.03
  MONTH TO DATE    0.33                      0.91  -0.58     0.52
  SINCE SEP 1      0.96                      4.31  -3.35     2.42
  SINCE JAN 1     14.52                     22.19  -7.67    28.09

...................................................................


THE HILL CITY KS CLIMATE NORMALS FOR TOMORROW
                         NORMAL    RECORD    YEAR
 MAXIMUM TEMPERATURE (F)   47        79      2014
 MINIMUM TEMPERATURE (F)   22        -1      1952
                                             1976


-  INDICATES NEGATIVE NUMBERS.
R  INDICATES RECORD WAS SET OR TIED.
MM INDICATES DATA IS MISSING.
T  INDICATES TRACE AMOUNT.




$$
