573
CDUS41 KPBZ 282123
CLIHLG

CLIMATE REPORT
NATIONAL WEATHER SERVICE PITTSBURGH PA
423 PM EST SAT NOV 28 2020

...................................

...THE WHEELING WV CLIMATE SUMMARY FOR NOVEMBER 28 2020...
VALID TODAY AS OF 0400 PM LOCAL TIME.

CLIMATE NORMAL PERIOD 1981 TO 2010
CLIMATE RECORD PERIOD 1878 TO 2020


WEATHER ITEM   OBSERVED TIME   RECORD YEAR NORMAL DEPARTURE LAST
                VALUE   (LST)  VALUE       VALUE  FROM      YEAR
                                                  NORMAL
...................................................................
TEMPERATURE (F)
 TODAY
  MAXIMUM         46    359 PM  73    1937  46      0       38
  MINIMUM         38    857 AM   0    1930  32      6       35
  AVERAGE         42                        39      3       37

PRECIPITATION (IN)
  TODAY            0.00          0.76 1927   0.12  -0.12     0.00
                                      1949
  MONTH TO DATE    1.59                      3.00  -1.41     1.43
  SINCE SEP 1      5.46                      7.75  -2.29     9.45
  SINCE JAN 1     30.31                     35.25  -4.94    35.51

DEGREE DAYS
 HEATING
  TODAY           23                        26     -3       28
  MONTH TO DATE  432                       600   -168      727
  SINCE SEP 1    826                      1063   -237      998
  SINCE JUL 1    826                      1074   -248      998

 COOLING
  TODAY            0                         0      0        0
  MONTH TO DATE    4                         0      4        0
  SINCE SEP 1    120                        81     39      209
  SINCE JAN 1   1035                       689    346      986
...................................................................


WIND (MPH)
  HIGHEST WIND SPEED    13   HIGHEST WIND DIRECTION     W (270)
  HIGHEST GUST SPEED    18   HIGHEST GUST DIRECTION     W (290)
  AVERAGE WIND SPEED     7.4


SKY COVER
  POSSIBLE SUNSHINE  MM
  AVERAGE SKY COVER 0.4


WEATHER CONDITIONS
THE FOLLOWING WEATHER WAS RECORDED TODAY.
  FOG
  HAZE


RELATIVE HUMIDITY (PERCENT)
 HIGHEST    89           500 AM
 LOWEST     38           400 PM
 AVERAGE    64

..........................................................


THE WHEELING WV CLIMATE NORMALS FOR TOMORROW
                         NORMAL    RECORD    YEAR
 MAXIMUM TEMPERATURE (F)   45        69      1927
                                             2005
 MINIMUM TEMPERATURE (F)   31        10      1932


SUNRISE AND SUNSET
NOVEMBER 28 2020......SUNRISE   723 AM EST   SUNSET   458 PM EST
NOVEMBER 29 2020......SUNRISE   724 AM EST   SUNSET   458 PM EST


-  INDICATES NEGATIVE NUMBERS.
R  INDICATES RECORD WAS SET OR TIED.
MM INDICATES DATA IS MISSING.
T  INDICATES TRACE AMOUNT.




$$
