000
CDUS45 KTFX 282340
CLIHLN

CLIMATE REPORT
NATIONAL WEATHER SERVICE GREAT FALLS MT
440 PM MST SAT NOV 28 2020

...................................

...THE HELENA MT CLIMATE SUMMARY FOR NOVEMBER 28 2020...
VALID TODAY AS OF 0400 PM LOCAL TIME.

CLIMATE NORMAL PERIOD 1981 TO 2010
CLIMATE RECORD PERIOD 1866 TO 2020


WEATHER ITEM   OBSERVED TIME   RECORD YEAR NORMAL DEPARTURE LAST
                VALUE   (LST)  VALUE       VALUE  FROM      YEAR
                                                  NORMAL
...................................................................
TEMPERATURE (F)
 TODAY
  MAXIMUM         47    313 PM  56    2014  36     11       14
  MINIMUM         15    722 AM -20    1896  17     -2        0
  AVERAGE         31                        27      4        7

PRECIPITATION (IN)
  TODAY            0.00          0.32 1957   0.02  -0.02     0.15
  MONTH TO DATE    0.36                      0.46  -0.10     0.41
  SINCE OCT 1      2.39                      1.14   1.25     1.41
  SINCE JAN 1      9.66                     10.79  -1.13    16.06

DEGREE DAYS
 HEATING
  TODAY           34                        38     -4       58
  MONTH TO DATE  809                       897    -88      882
  SINCE SEP 1   1631                      1736   -105     1927
  SINCE JUL 1   1650                      1805   -155     1955

 COOLING
  TODAY            0                         0      0        0
  MONTH TO DATE    0                         0      0        0
  SINCE SEP 1     49                        23     26       57
  SINCE JAN 1    507                       406    101      407
...................................................................


WIND (MPH)
  HIGHEST WIND SPEED    10   HIGHEST WIND DIRECTION    SW (230)
  HIGHEST GUST SPEED    13   HIGHEST GUST DIRECTION     W (250)
  AVERAGE WIND SPEED     3.5


SKY COVER
  AVERAGE SKY COVER 0.1


WEATHER CONDITIONS
THE FOLLOWING WEATHER WAS RECORDED TODAY.
  NO SIGNIFICANT WEATHER WAS OBSERVED.


RELATIVE HUMIDITY (PERCENT)
 HIGHEST    70           700 AM
 LOWEST     28           400 PM
 AVERAGE    49

..........................................................


THE HELENA MT CLIMATE NORMALS FOR TOMORROW
                         NORMAL    RECORD    YEAR
 MAXIMUM TEMPERATURE (F)   36        61      1932
 MINIMUM TEMPERATURE (F)   16       -19      1896


SUNRISE AND SUNSET
NOVEMBER 28 2020......SUNRISE   749 AM MST   SUNSET   443 PM MST
NOVEMBER 29 2020......SUNRISE   750 AM MST   SUNSET   443 PM MST


-  INDICATES NEGATIVE NUMBERS.
R  INDICATES RECORD WAS SET OR TIED.
MM INDICATES DATA IS MISSING.
T  INDICATES TRACE AMOUNT.




$$
