000
CDHW40 PHFO 290226
CLIHNL


CLIMATE REPORT
NATIONAL WEATHER SERVICE HONOLULU HI
425 PM HST SAT NOV 28 2020


...................................

...THE HONOLULU HI CLIMATE SUMMARY FOR NOVEMBER 28 2020...
VALID TODAY AS OF 0400 PM LOCAL TIME.

CLIMATE NORMAL PERIOD 1981 TO 2010
CLIMATE RECORD PERIOD 1940 TO 2020


WEATHER ITEM   OBSERVED TIME   RECORD YEAR NORMAL DEPARTURE LAST
                VALUE   (LST)  VALUE       VALUE  FROM      YEAR
                                                  NORMAL
..................................................................
TEMPERATURE (F)
 TODAY
  MAXIMUM         83    213 PM  88    2019  83      0       88
  MINIMUM         71    659 AM  60    1972  70      1       75
  AVERAGE         77                        77      0       82

PRECIPITATION (IN)
  TODAY            T             5.39 1954   0.09  -0.09     0.00
  MONTH TO DATE    0.16                      2.26  -2.10     2.58
  SINCE SEP 1      3.43                      4.80  -1.37     5.86
  SINCE JAN 1     13.31                     13.70  -0.39    14.92

SNOWFALL (IN)
  TODAY            0.0
  MONTH TO DATE    0.0
  SINCE SEP 1      0.0
  SINCE JUL 1      0.0
  SNOW DEPTH      MM

DEGREE DAYS
 HEATING
  TODAY            0                         0      0        0
  MONTH TO DATE    0                         0      0        0
  SINCE SEP 1      0                         0      0        0
  SINCE JUL 1      0                         0      0        0

 COOLING
  TODAY           12                        11      1       17
  MONTH TO DATE  429                       358     71      418
  SINCE SEP 1   1415                      1320     95     1492
  SINCE JAN 1   4739                      4304    435     4879
..................................................................


WIND (MPH)
  HIGHEST WIND SPEED    20   HIGHEST WIND DIRECTION    NE (40)
  HIGHEST GUST SPEED    27   HIGHEST GUST DIRECTION     N (20)
  AVERAGE WIND SPEED    MM


SKY COVER
  POSSIBLE SUNSHINE  MM
  AVERAGE SKY COVER  MM


WEATHER CONDITIONS
 THE FOLLOWING WEATHER WAS RECORDED TODAY.
  LIGHT RAIN


RELATIVE HUMIDITY (PERCENT)
 HIGHEST    MM
 LOWEST     MM
 AVERAGE    MM

..........................................................


THE HONOLULU HI CLIMATE NORMALS FOR TOMORROW
                         NORMAL    RECORD    YEAR
 MAXIMUM TEMPERATURE (F)   83        88      1990
                                             1983
 MINIMUM TEMPERATURE (F)   70        59      1985


SUNRISE AND SUNSET
NOVEMBER 28 2020......SUNRISE   651 AM HST   SUNSET   548 PM HST
NOVEMBER 29 2020......SUNRISE   652 AM HST   SUNSET   549 PM HST


-  INDICATES NEGATIVE NUMBERS.
R  INDICATES RECORD WAS SET OR TIED.
MM INDICATES DATA IS MISSING.
T  INDICATES TRACE AMOUNT.




$$
