000
CDUS43 KFSD 290625
CLIHON

CLIMATE REPORT
NATIONAL WEATHER SERVICE SIOUX FALLS SD
1225 AM CST SUN NOV 29 2020

...................................

...THE HURON CLIMATE SUMMARY FOR NOVEMBER 28 2020...

CLIMATE NORMAL PERIOD: 1981 TO 2010
CLIMATE RECORD PERIOD: 1881 TO 2020


WEATHER ITEM   OBSERVED TIME   RECORD YEAR NORMAL DEPARTURE LAST
                VALUE   (LST)  VALUE       VALUE  FROM      YEAR
                                                  NORMAL
...................................................................
TEMPERATURE (F)
 YESTERDAY
  MAXIMUM         60   2:53 PM  61    1901  35     25       27
  MINIMUM         21   2:58 AM -28    1887  16      5       22
  AVERAGE         41                        26     15       25

PRECIPITATION (IN)
  YESTERDAY        0.00          2.37 2005   0.02  -0.02      T
  MONTH TO DATE    0.37                      0.83  -0.46     0.36
  SINCE SEP 1      1.92                      5.08  -3.16     5.90
  SINCE JAN 1     17.69                     22.34  -4.65    35.50

SNOWFALL (IN)
  YESTERDAY        0.0          14.8  2005   0.2   -0.2       T
  MONTH TO DATE    0.5                       6.6   -6.1      2.7
  SINCE SEP 1      7.3                       7.7   -0.4      8.5
  SINCE JUL 1      7.3                       7.7   -0.4      8.5
  SNOW DEPTH       0

DEGREE DAYS
 HEATING
  YESTERDAY       24                        39    -15       40
  MONTH TO DATE  716                       890   -174      909
  SINCE SEP 1   1570                      1591    -21     1673
  SINCE JUL 1   1575                      1620    -45     1684

 COOLING
  YESTERDAY        0                         0      0        0
  MONTH TO DATE    0                         0      0        0
  SINCE SEP 1     58                        73    -15       98
  SINCE JAN 1    879                       742    137      714
...................................................................


WIND (MPH)
  HIGHEST WIND SPEED    21   HIGHEST WIND DIRECTION    NW (330)
  HIGHEST GUST SPEED    26   HIGHEST GUST DIRECTION    NW (320)
  AVERAGE WIND SPEED     6.8


SKY COVER
  POSSIBLE SUNSHINE  MM
  AVERAGE SKY COVER 0.0


WEATHER CONDITIONS
THE FOLLOWING WEATHER WAS RECORDED YESTERDAY.
  NO SIGNIFICANT WEATHER WAS OBSERVED.


RELATIVE HUMIDITY (PERCENT)
 HIGHEST    84           3:00 AM
 LOWEST     22           3:00 PM
 AVERAGE    53

..........................................................


THE HURON CLIMATE NORMALS FOR TODAY
                         NORMAL    RECORD    YEAR
 MAXIMUM TEMPERATURE (F)   35        62      1883
                                             1998
 MINIMUM TEMPERATURE (F)   15       -21      1964


SUNRISE AND SUNSET
NOVEMBER 29 2020......SUNRISE   7:47 AM CST   SUNSET   4:55 PM CST
NOVEMBER 30 2020......SUNRISE   7:48 AM CST   SUNSET   4:55 PM CST


-  INDICATES NEGATIVE NUMBERS.
R  INDICATES RECORD WAS SET OR TIED.
MM INDICATES DATA IS MISSING.
T  INDICATES TRACE AMOUNT.




$$
