000
CDUS44 KHGX 040830
CLIHOU

CLIMATE REPORT
NATIONAL WEATHER SERVICE HOUSTON/GALVESTON TX
230 AM CST FRI DEC 04 2020

...................................

...THE HOUSTON/HOBBY AIRPORT CLIMATE SUMMARY FOR DECEMBER 3 2020...

CLIMATE NORMAL PERIOD: 1981 TO 2010
CLIMATE RECORD PERIOD: 1930 TO 2020


WEATHER ITEM   OBSERVED TIME   RECORD YEAR NORMAL DEPARTURE LAST
                VALUE   (LST)  VALUE       VALUE  FROM      YEAR
                                                  NORMAL
...................................................................
TEMPERATURE (F)
 YESTERDAY
  MAXIMUM         58   3:52 PM  85    1933  67     -9       71
  MINIMUM         46  11:59 PM  32    1963  49     -3       41
  AVERAGE         52                        58     -6       56

PRECIPITATION (IN)
  YESTERDAY        T             2.25 2017   0.14  -0.14
  MONTH TO DATE    0.99                      0.42   0.57
  SINCE DEC 1      0.99                      0.42   0.57
  SINCE JAN 1     53.20                     51.04   2.16

SNOWFALL (IN)
  YESTERDAY        0.0
  MONTH TO DATE    0.0
  SINCE DEC 1      0.0
  SINCE JUL 1      0.0

DEGREE DAYS
 HEATING
  YESTERDAY       13                         8      5        9
  MONTH TO DATE   32                        24      8       23
  SINCE DEC 1     32                        24      8       23
  SINCE JUL 1     94                       180    -86      240

 COOLING
  YESTERDAY        0                         1     -1        0
  MONTH TO DATE    0                         3     -3        0
  SINCE DEC 1      0                         3     -3        0
  SINCE JAN 1   3914                      3118    796     3623
...................................................................


WIND (MPH)
  HIGHEST WIND SPEED    22   HIGHEST WIND DIRECTION     N (340)
  HIGHEST GUST SPEED    28   HIGHEST GUST DIRECTION     N (340)
  AVERAGE WIND SPEED    13.0


WEATHER CONDITIONS
THE FOLLOWING WEATHER WAS RECORDED YESTERDAY.
  NO SIGNIFICANT WEATHER WAS OBSERVED.


RELATIVE HUMIDITY (PERCENT)
 HIGHEST    68
 LOWEST     47
 AVERAGE    58

..........................................................


THE HOUSTON/HOBBY AIRPORT CLIMATE NORMALS FOR TODAY
                         NORMAL    RECORD    YEAR
 MAXIMUM TEMPERATURE (F)   67        83      1977
 MINIMUM TEMPERATURE (F)   49        32      1931
                                             2009


SUNRISE AND SUNSET
DECEMBER  4 2020......SUNRISE   7:01 AM CST   SUNSET   5:22 PM CST
DECEMBER  5 2020......SUNRISE   7:02 AM CST   SUNSET   5:22 PM CST


-  INDICATES NEGATIVE NUMBERS.
R  INDICATES RECORD WAS SET OR TIED.
MM INDICATES DATA IS MISSING.
T  INDICATES TRACE AMOUNT.




$$
