000
CDUS46 KSEW 290831
CLIHQM


CLIMATE REPORT
NATIONAL WEATHER SERVICE SEATTLE WA
1230 AM PST SUN NOV 29 2020


...................................

...THE HOQUIAM WA AIRPORT CLIMATE SUMMARY FOR NOVEMBER 28 2020...

CLIMATE NORMAL PERIOD 1981 TO 2010
CLIMATE RECORD PERIOD 1953 TO 2020


WEATHER ITEM   OBSERVED TIME   RECORD YEAR NORMAL DEPARTURE LAST
                VALUE   (LST)  VALUE       VALUE  FROM      YEAR
                                                  NORMAL
..................................................................
TEMPERATURE (F)
 YESTERDAY
  MAXIMUM         49    333 PM  59    2002  48      1       45
  MINIMUM         39   1159 PM  24    1985  38      1       31
  AVERAGE         44                        43      1       38

PRECIPITATION (IN)
  YESTERDAY        0.03          2.97 2003   0.37  -0.34     0.00
  MONTH TO DATE   11.06                     10.41   0.65     3.46
  SINCE OCT 1     15.89                     16.94  -1.05     8.58
  SINCE JAN 1     61.03                     56.83   4.20    35.09

DEGREE DAYS
 HEATING
  YESTERDAY       21                        22     -1       27
  MONTH TO DATE  525                       532     -7      505
  SINCE SEP 1   1000                      1124   -124     1118
  SINCE JUL 1   1263                      1431   -168     1241

 COOLING
  YESTERDAY        0                         0      0        0
  MONTH TO DATE    0                         0      0        0
  SINCE SEP 1     33                         7     26        2
  SINCE JAN 1     56                        23     33       42
..................................................................


WIND (MPH)
  RESULTANT WIND SPEED   2   RESULTANT WIND DIRECTION   E (80)
  HIGHEST WIND SPEED    12   HIGHEST WIND DIRECTION     E (90)
  HIGHEST GUST SPEED    14   HIGHEST GUST DIRECTION     E (90)
  AVERAGE WIND SPEED     4.4


SKY COVER
  AVERAGE SKY COVER 0.2


WEATHER CONDITIONS
 THE FOLLOWING WEATHER WAS RECORDED YESTERDAY.
  LIGHT RAIN
  FOG
  FOG W/VISIBILITY <= 1/4 MILE


RELATIVE HUMIDITY (PERCENT)
 HIGHEST   100           900 AM
 LOWEST     76           400 PM
 AVERAGE    88

..........................................................


THE HOQUIAM WA AIRPORT CLIMATE NORMALS FOR TODAY
                         NORMAL    RECORD    YEAR
 MAXIMUM TEMPERATURE (F)   48        57      1995
                                             1964
 MINIMUM TEMPERATURE (F)   38        25      2006


SUNRISE AND SUNSET
NOVEMBER 29 2020......SUNRISE   739 AM PST   SUNSET   429 PM PST
NOVEMBER 30 2020......SUNRISE   740 AM PST   SUNSET   429 PM PST


-  INDICATES NEGATIVE NUMBERS.
R  INDICATES RECORD WAS SET OR TIED.
MM INDICATES DATA IS MISSING.
T  INDICATES TRACE AMOUNT.




$$
