000
CDUS44 KBRO 260726
CLIHRL


CLIMATE REPORT
NATIONAL WEATHER SERVICE BROWNSVILLE TX
126 AM CST THU NOV 26 2020


...................................

...THE HARLINGEN CLIMATE SUMMARY FOR NOVEMBER 25 2020...

CLIMATE NORMAL PERIOD 1981 TO 2010
CLIMATE RECORD PERIOD 1912 TO 2020


WEATHER ITEM   OBSERVED TIME   RECORD YEAR NORMAL DEPARTURE LAST
                VALUE   (LST)  VALUE       VALUE  FROM      YEAR
                                                  NORMAL
..................................................................
TEMPERATURE (F)
 YESTERDAY
  MAXIMUM         88    258 PM  91    1942  76     12       85
  MINIMUM         69    723 AM  33    1938  55     14       57
  AVERAGE         79                        65     14       71

PRECIPITATION (IN)
  YESTERDAY        0.00          1.10 1929   0.04  -0.04     0.00
  MONTH TO DATE    T                         1.31  -1.31     2.70
  SINCE SEP 1      5.90                      9.52  -3.62     7.88
  SINCE JAN 1     26.15                     23.73   2.42    23.30

SNOWFALL (IN)
  YESTERDAY        0.0
  MONTH TO DATE    0.0
  SINCE SEP 1      0.0
  SINCE JUL 1      0.0
  SNOW DEPTH       0

DEGREE DAYS
 HEATING
  YESTERDAY        0                         3     -3        0
  MONTH TO DATE    0                        36    -36       90
  SINCE SEP 1     11                        39    -28      106
  SINCE JUL 1     11                        39    -28      106

 COOLING
  YESTERDAY       14                         4     10        6
  MONTH TO DATE  208                       143     65       98
  SINCE SEP 1   1061                       995     66     1065
  SINCE JAN 1   4434                      3919    515     4311
..................................................................


WIND (MPH)
  HIGHEST WIND SPEED    21   HIGHEST WIND DIRECTION     S (170)
  HIGHEST GUST SPEED    25   HIGHEST GUST DIRECTION     S (170)
  AVERAGE WIND SPEED    10.0



WEATHER CONDITIONS
 THE FOLLOWING WEATHER WAS RECORDED YESTERDAY.
  NO SIGNIFICANT WEATHER WAS OBSERVED.


RELATIVE HUMIDITY (PERCENT)
 HIGHEST   100
 LOWEST     55
 AVERAGE    78

..........................................................


THE HARLINGEN CLIMATE NORMALS FOR TODAY
                         NORMAL    RECORD    YEAR
 MAXIMUM TEMPERATURE (F)   76        94      1965
 MINIMUM TEMPERATURE (F)   54        36      1999
                                             1993
                                             1974


SUNRISE AND SUNSET
NOVEMBER 26 2020......SUNRISE   658 AM CST   SUNSET   538 PM CST
NOVEMBER 27 2020......SUNRISE   659 AM CST   SUNSET   538 PM CST


-  INDICATES NEGATIVE NUMBERS.
R  INDICATES RECORD WAS SET OR TIED.
MM INDICATES DATA IS MISSING.
T  INDICATES TRACE AMOUNT.




$$
