000
CDUS44 KLZK 260652
CLIHRO


CLIMATE REPORT
NATIONAL WEATHER SERVICE LITTLE ROCK AR
1246 AM CST THU NOV 26 2020


...................................

...THE HARRISON CLIMATE SUMMARY FOR NOVEMBER 25 2020...

CLIMATE NORMAL PERIOD 1981 TO 2010
CLIMATE RECORD PERIOD 1891 TO 2020


WEATHER ITEM   OBSERVED TIME   RECORD YEAR NORMAL DEPARTURE LAST
                VALUE   (LST)  VALUE       VALUE  FROM      YEAR
                                                  NORMAL
..................................................................
TEMPERATURE (F)
 YESTERDAY
  MAXIMUM         55    531 AM  77    1990  54      1       70
  MINIMUM         35   1136 PM  12    1950  35      0       40
  AVERAGE         45                        44      1       55

PRECIPITATION (IN)
  YESTERDAY        0.28          2.98 1973   0.14   0.14     0.00
  MONTH TO DATE    1.80                      3.58  -1.78     5.49
  SINCE SEP 1     13.64                     11.33   2.31    16.06
  SINCE JAN 1     51.37                     40.29  11.08    54.20

SNOWFALL (IN)
  YESTERDAY        0.0           0.4  1996   0.0    0.0      0.0
  MONTH TO DATE    0.0                       0.0    0.0      0.5
  SINCE SEP 1      0.0                       0.1   -0.1      0.5
  SINCE JUL 1      0.0                       0.1   -0.1      0.5
  SNOW DEPTH       0

DEGREE DAYS
 HEATING
  YESTERDAY       20                        21     -1       10
  MONTH TO DATE  258                       391   -133      493
  SINCE SEP 1    563                       655    -92      785
  SINCE JUL 1    563                       656    -93      785

 COOLING
  YESTERDAY        0                         0      0        0
  MONTH TO DATE    0                         0      0        0
  SINCE SEP 1    202                       201      1      397
  SINCE JAN 1   1404                      1412     -8     1581
..................................................................


WIND (MPH)
  HIGHEST WIND SPEED    22   HIGHEST WIND DIRECTION     W (270)
  HIGHEST GUST SPEED    32   HIGHEST GUST DIRECTION     W (270)
  AVERAGE WIND SPEED     8.8


SKY COVER
  POSSIBLE SUNSHINE  MM
  AVERAGE SKY COVER 0.8


WEATHER CONDITIONS
 THE FOLLOWING WEATHER WAS RECORDED YESTERDAY.
  THUNDERSTORM
  HEAVY RAIN
  LIGHT RAIN
  FOG


RELATIVE HUMIDITY (PERCENT)
 HIGHEST   100           400 AM
 LOWEST     70           100 PM
 AVERAGE    85

..........................................................


THE HARRISON CLIMATE NORMALS FOR TODAY
                         NORMAL    RECORD    YEAR
 MAXIMUM TEMPERATURE (F)   54        77      1965
 MINIMUM TEMPERATURE (F)   34        14      1977


SUNRISE AND SUNSET
NOVEMBER 26 2020......SUNRISE   701 AM CST   SUNSET   459 PM CST
NOVEMBER 27 2020......SUNRISE   702 AM CST   SUNSET   459 PM CST


-  INDICATES NEGATIVE NUMBERS.
R  INDICATES RECORD WAS SET OR TIED.
MM INDICATES DATA IS MISSING.
T  INDICATES TRACE AMOUNT.




$$
