686
CDUS42 KMHX 290526
CLIHSE


CLIMATE REPORT
NATIONAL WEATHER SERVICE NEWPORT/MOREHEAD CITY NC
1226 AM EST SUN NOV 29 2020


...................................

...THE CAPE HATTERAS NC CLIMATE SUMMARY FOR NOVEMBER 28 2020...

CLIMATE NORMAL PERIOD 1981 TO 2010
CLIMATE RECORD PERIOD 1874 TO 2020


WEATHER ITEM   OBSERVED TIME   RECORD YEAR NORMAL DEPARTURE LAST
                VALUE   (LST)  VALUE       VALUE  FROM      YEAR
                                                  NORMAL
..................................................................
TEMPERATURE (F)
 YESTERDAY
  MAXIMUM         63    350 PM  80    1990  61      2       68
  MINIMUM         52   1159 PM  27    1903  48      4       49
  AVERAGE         58                        54      4       59

PRECIPITATION (IN)
  YESTERDAY        T             2.01 2004   0.15  -0.15     0.00
  MONTH TO DATE    3.29                      4.65  -1.36     5.52
  SINCE SEP 1     16.29                     16.28   0.01    14.89
  SINCE JAN 1     63.98                     53.47  10.51    53.64

SNOWFALL (IN)
  YESTERDAY        0.0
  MONTH TO DATE    0.0
  SINCE NOV 1      0.0
  SINCE JUL 1      0.0
  SNOW DEPTH       0

DEGREE DAYS
 HEATING
  YESTERDAY        7                        11     -4        6
  MONTH TO DATE  121                       219    -98      214
  SINCE SEP 1    130                       294   -164      233
  SINCE JUL 1    130                       294   -164      233

 COOLING
  YESTERDAY        0                         0      0        0
  MONTH TO DATE   67                        22     45       10
  SINCE SEP 1    569                       406    163      472
  SINCE JAN 1   2367                      1712    655     2285
..................................................................


WIND (MPH)
  HIGHEST WIND SPEED     9   HIGHEST WIND DIRECTION    NW (300)
  HIGHEST GUST SPEED    16   HIGHEST GUST DIRECTION     N (10)
  AVERAGE WIND SPEED     3.7


SKY COVER
  POSSIBLE SUNSHINE  MM
  AVERAGE SKY COVER 0.5


WEATHER CONDITIONS
 THE FOLLOWING WEATHER WAS RECORDED YESTERDAY.
  LIGHT RAIN
  FOG


RELATIVE HUMIDITY (PERCENT)
 HIGHEST   100           200 AM
 LOWEST     72           400 PM
 AVERAGE    86

..........................................................


THE CAPE HATTERAS NC CLIMATE NORMALS FOR TODAY
                         NORMAL    RECORD    YEAR
 MAXIMUM TEMPERATURE (F)   60        76      1990
 MINIMUM TEMPERATURE (F)   47        29      2014


SUNRISE AND SUNSET
NOVEMBER 29 2020......SUNRISE   651 AM EST   SUNSET   451 PM EST
NOVEMBER 30 2020......SUNRISE   652 AM EST   SUNSET   450 PM EST


-  INDICATES NEGATIVE NUMBERS.
R  INDICATES RECORD WAS SET OR TIED.
MM INDICATES DATA IS MISSING.
T  INDICATES TRACE AMOUNT.




$$
