106
CDUS43 KGID 290622
CLIHSI

CLIMATE REPORT
NATIONAL WEATHER SERVICE HASTINGS NE
1222 AM CST SUN NOV 29 2020

...................................

...THE HASTINGS NE CLIMATE SUMMARY FOR NOVEMBER 28 2020...

CLIMATE NORMAL PERIOD 1981 TO 2010
CLIMATE RECORD PERIOD 1894 TO 2020


WEATHER ITEM   OBSERVED TIME   RECORD YEAR NORMAL DEPARTURE LAST
                VALUE   (LST)  VALUE       VALUE  FROM      YEAR
                                                  NORMAL
...................................................................
TEMPERATURE (F)
 YESTERDAY
  MAXIMUM         56    414 PM  74    2014  43     13       31
  MINIMUM         29    551 AM  -3    1976  23      6       20
  AVERAGE         43                        33     10       26

PRECIPITATION (IN)
  YESTERDAY        0.00          0.75 1905   0.02  -0.02     0.06
  MONTH TO DATE    1.38                      1.24   0.14     1.30
  SINCE SEP 1      2.75                      5.79  -3.04     4.21
  SINCE JAN 1     15.93                     26.45 -10.52    33.30

SNOWFALL (IN)
  YESTERDAY        0.0           4.5  1987   0.1   -0.1      0.5
  MONTH TO DATE    0.2                       2.3   -2.1      8.1
  SINCE SEP 1      3.0                       3.5   -0.5      9.3
  SINCE JUL 1      3.0                       3.5   -0.5      9.3
  SNOW DEPTH       0

DEGREE DAYS
 HEATING
  YESTERDAY       22                        32    -10       39
  MONTH TO DATE  516                       722   -206      754
  SINCE SEP 1   1101                      1209   -108     1321
  SINCE JUL 1   1101                      1215   -114     1323

 COOLING
  YESTERDAY        0                         0      0        0
  MONTH TO DATE    1                         0      1        0
  SINCE SEP 1    135                       124     11      245
  SINCE JAN 1   1272                      1077    195     1181
...................................................................


WIND (MPH)
  HIGHEST WIND SPEED    15   HIGHEST WIND DIRECTION    SW (230)
  HIGHEST GUST SPEED    22   HIGHEST GUST DIRECTION    SW (230)
  AVERAGE WIND SPEED     7.2


SKY COVER
  AVERAGE SKY COVER 0.0


WEATHER CONDITIONS
THE FOLLOWING WEATHER WAS RECORDED YESTERDAY.
  NO SIGNIFICANT WEATHER WAS OBSERVED.


RELATIVE HUMIDITY (PERCENT)
 HIGHEST    72           800 AM
 LOWEST     37           400 PM
 AVERAGE    55

..........................................................


THE HASTINGS NE CLIMATE NORMALS FOR TODAY
                         NORMAL    RECORD    YEAR
 MAXIMUM TEMPERATURE (F)   42        80      2014
 MINIMUM TEMPERATURE (F)   23         0      1976


SUNRISE AND SUNSET
NOVEMBER 29 2020......SUNRISE   737 AM CST   SUNSET   508 PM CST
NOVEMBER 30 2020......SUNRISE   738 AM CST   SUNSET   507 PM CST


-  INDICATES NEGATIVE NUMBERS.
R  INDICATES RECORD WAS SET OR TIED.
MM INDICATES DATA IS MISSING.
T  INDICATES TRACE AMOUNT.




$$
