076
CDUS44 KHUN 282221
CLIHSV

CLIMATE REPORT
NATIONAL WEATHER SERVICE HUNTSVILLE AL
421 PM CST SAT NOV 28 2020

...................................

...THE HUNTSVILLE CLIMATE SUMMARY FOR NOVEMBER 28 2020...
VALID TODAY AS OF 0400 PM LOCAL TIME.

CLIMATE NORMAL PERIOD 1981 TO 2010
CLIMATE RECORD PERIOD 1894 TO 2020


WEATHER ITEM   OBSERVED TIME   RECORD YEAR NORMAL DEPARTURE LAST
                VALUE   (LST)  VALUE       VALUE  FROM      YEAR
                                                  NORMAL
...................................................................
TEMPERATURE (F)
 TODAY
  MAXIMUM         57   1206 PM  74    1960  59     -2       56
                                      1970
                                      2001
  MINIMUM         46    637 AM  13    1938  38      8       34
  AVERAGE         52                        48      4       45

PRECIPITATION (IN)
  TODAY            T             3.28 1948   0.20  -0.20     0.00
  MONTH TO DATE    1.14                      4.55  -3.41     2.82
  SINCE SEP 1     11.16                     11.86  -0.70     8.83
  SINCE JAN 1     65.09                     48.18  16.91    51.96

SNOWFALL (IN)
  TODAY            0.0
  MONTH TO DATE    0.0
  SINCE SEP 1      0.0
  SINCE JUL 1      0.0
  SNOW DEPTH       0

DEGREE DAYS
 HEATING
  TODAY           13                        17     -4       20
  MONTH TO DATE  272                       342    -70      484
  SINCE SEP 1    379                       493   -114      613
  SINCE JUL 1    379                       493   -114      613

 COOLING
  TODAY            0                         0      0        0
  MONTH TO DATE   17                         7     10        0
  SINCE SEP 1    332                       352    -20      601
  SINCE JAN 1   1872                      1947    -75     2392
...................................................................


WIND (MPH)
  HIGHEST WIND SPEED    14   HIGHEST WIND DIRECTION     N (340)
  HIGHEST GUST SPEED    18   HIGHEST GUST DIRECTION     N (350)
  AVERAGE WIND SPEED     8.0


SKY COVER
  POSSIBLE SUNSHINE  MM
  AVERAGE SKY COVER 0.5


WEATHER CONDITIONS
THE FOLLOWING WEATHER WAS RECORDED TODAY.
  LIGHT RAIN
  FOG


RELATIVE HUMIDITY (PERCENT)
 HIGHEST   100          1200 AM
 LOWEST     62           100 PM
 AVERAGE    81

..........................................................


THE HUNTSVILLE CLIMATE NORMALS FOR TOMORROW
                         NORMAL    RECORD    YEAR
 MAXIMUM TEMPERATURE (F)   58        76      1970
 MINIMUM TEMPERATURE (F)   38        13      1955


SUNRISE AND SUNSET
NOVEMBER 28 2020......SUNRISE   634 AM CST   SUNSET   437 PM CST
NOVEMBER 29 2020......SUNRISE   634 AM CST   SUNSET   436 PM CST


-  INDICATES NEGATIVE NUMBERS.
R  INDICATES RECORD WAS SET OR TIED.
MM INDICATES DATA IS MISSING.
T  INDICATES TRACE AMOUNT.




$$
