457
CDUS43 KAPX 260528
CLIHTL

CLIMATE REPORT
NATIONAL WEATHER SERVICE
1228 AM EST THU NOV 26 2020

...................................

...THE HOUGHTON LAKE MI CLIMATE SUMMARY FOR NOVEMBER 25 2020...

CLIMATE NORMAL PERIOD: 1981 TO 2010
CLIMATE RECORD PERIOD: 1913 TO 2020


WEATHER ITEM   OBSERVED TIME   RECORD YEAR NORMAL DEPARTURE LAST
                VALUE   (LST)  VALUE       VALUE  FROM      YEAR
                                                  NORMAL
...................................................................
TEMPERATURE (F)
 YESTERDAY
  MAXIMUM         37  11:16 PM  56          38     M1       47
  MINIMUM         33   9:55 AM M14          25      8       24
  AVERAGE         35                        31      4       36

PRECIPITATION (IN)
  YESTERDAY        0.45          1.30        0.08   0.37     0.01
  MONTH TO DATE    1.83                      1.96  M0.13     1.15
  SINCE SEP 1      6.39                      7.62  M1.23    10.94
  SINCE JAN 1     26.85                     26.74   0.11    33.91

DEGREE DAYS
 HEATING
  YESTERDAY       30                        34     M4       29
  MONTH TO DATE  583                       730   M147      899
  SINCE SEP 1   1524                      1581    M57     1655
  SINCE JUL 1   1569                      1708   M139     1746

 COOLING
  YESTERDAY        0                         0      0        0
  MONTH TO DATE    0                         0      0        0
  SINCE SEP 1     10                        22    M12       22
  SINCE JAN 1    490                       287    203      276
...................................................................


WIND (MPH)
  HIGHEST WIND SPEED    13   HIGHEST WIND DIRECTION    NE (50)
  HIGHEST GUST SPEED    17   HIGHEST GUST DIRECTION    NE (40)
  AVERAGE WIND SPEED     5.5


RELATIVE HUMIDITY (PERCENT)
 HIGHEST    96
 LOWEST     89
 AVERAGE    93

..........................................................


THE HOUGHTON LAKE MI CLIMATE NORMALS FOR TODAY
                         NORMAL    RECORD    YEAR
 MAXIMUM TEMPERATURE (F)   37        58      1984
 MINIMUM TEMPERATURE (F)   24        M9      1949


SUNRISE AND SUNSET
NOVEMBER 26 2020......SUNRISE   7:49 AM EST   SUNSET   5:03 PM EST
NOVEMBER 27 2020......SUNRISE   7:51 AM EST   SUNSET   5:02 PM EST


M  INDICATES NEGATIVE NUMBERS.
R  INDICATES RECORD WAS SET OR TIED.
MM INDICATES DATA IS MISSING.
T  INDICATES TRACE AMOUNT.




$$
