000
CDUS41 KRLX 290827
CLIHTS

CLIMATE REPORT
NATIONAL WEATHER SERVICE CHARLESTON WV
327 AM EST SUN NOV 29 2020

...................................

...THE HUNTINGTON WV CLIMATE SUMMARY FOR NOVEMBER 28 2020...

CLIMATE NORMAL PERIOD: 1981 TO 2010
CLIMATE RECORD PERIOD: 1897 TO 2020


WEATHER ITEM   OBSERVED TIME   RECORD YEAR NORMAL DEPARTURE LAST
                VALUE   (LST)  VALUE       VALUE  FROM      YEAR
                                                  NORMAL
...................................................................
TEMPERATURE (F)
 YESTERDAY
  MAXIMUM         51   3:38 PM  76    2005  51      0       44
  MINIMUM         34  11:53 PM  13    1930  33      1       37
  AVERAGE         43                        42      1       41

PRECIPITATION (IN)
  YESTERDAY        0.00          1.31 1949   0.11  -0.11     0.00
  MONTH TO DATE    2.20                      3.20  -1.00     1.98
  SINCE SEP 1      9.68                      8.79   0.89     8.01
  SINCE JAN 1     43.66                     39.04   4.62    42.47

SNOWFALL (IN)
  YESTERDAY        0.0           3.0  1959   0.0    0.0      0.0
  MONTH TO DATE    T                         0.6   -0.6      1.3
  SINCE SEP 1      T                         0.7   -0.7      1.3
  SINCE JUL 1      T                         0.7   -0.7      1.3
  SNOW DEPTH       0

DEGREE DAYS
 HEATING
  YESTERDAY       22                        23     -1       24
  MONTH TO DATE  394                       502   -108      628
  SINCE SEP 1    678                       839   -161      817
  SINCE JUL 1    678                       841   -163      817

 COOLING
  YESTERDAY        0                         0      0        0
  MONTH TO DATE    2                         0      2        0
  SINCE SEP 1    168                       155     13      372
  SINCE JAN 1   1329                      1132    197     1511
...................................................................


WIND (MPH)
  HIGHEST WIND SPEED    10   HIGHEST WIND DIRECTION    NW (330)
  HIGHEST GUST SPEED    12   HIGHEST GUST DIRECTION     N (350)
  AVERAGE WIND SPEED     2.7


SKY COVER
  AVERAGE SKY COVER 0.2


WEATHER CONDITIONS
THE FOLLOWING WEATHER WAS RECORDED YESTERDAY.
  NO SIGNIFICANT WEATHER WAS OBSERVED.


RELATIVE HUMIDITY (PERCENT)
 HIGHEST    89
 LOWEST     50
 AVERAGE    70

..........................................................


THE HUNTINGTON WV CLIMATE NORMALS FOR TODAY
                         NORMAL    RECORD    YEAR
 MAXIMUM TEMPERATURE (F)   51        72      1933
 MINIMUM TEMPERATURE (F)   33         8      1950


SUNRISE AND SUNSET
NOVEMBER 29 2020......SUNRISE   7:27 AM EST   SUNSET   5:10 PM EST
NOVEMBER 30 2020......SUNRISE   7:28 AM EST   SUNSET   5:10 PM EST


-  INDICATES NEGATIVE NUMBERS.
R  INDICATES RECORD WAS SET OR TIED.
MM INDICATES DATA IS MISSING.
T  INDICATES TRACE AMOUNT.




$$
