000
CDUS41 KCAR 260621
CLIHUL

CLIMATE REPORT
NATIONAL WEATHER SERVICE CARIBOU ME
121 AM EST THU NOV 26 2020

...................................

...THE HOULTON ME CLIMATE SUMMARY FOR NOVEMBER 25 2020...

CLIMATE NORMAL PERIOD: 1981 TO 2010
CLIMATE RECORD PERIOD: 1948 TO 2020


WEATHER ITEM   OBSERVED TIME   RECORD YEAR NORMAL DEPARTURE LAST
                VALUE   (LST)  VALUE       VALUE  FROM      YEAR
                                                  NORMAL
...................................................................
TEMPERATURE (F)
 YESTERDAY
  MAXIMUM         31  11:08 PM  62    1953  37     -6       35
  MINIMUM         10   1:42 AM   0    1987  21    -11       29
  AVERAGE         21                        29     -8       32

PRECIPITATION (IN)
  YESTERDAY        0.15          2.43 1983   0.13   0.02     0.13
  MONTH TO DATE    1.96                      3.37  -1.41     3.44
  SINCE SEP 1      8.54                     10.43  -1.89     7.66
  SINCE JAN 1     26.17                     36.05  -9.88     8.11

SNOWFALL (IN)
  YESTERDAY       MM             6.1  1971         MM       MM
  MONTH TO DATE   MM                               MM       MM
  SINCE SEP 1     MM                               MM       MM
  SINCE JUL 1     MM                               MM       MM
  SNOW DEPTH      MM

DEGREE DAYS
 HEATING
  YESTERDAY       44                        36      8       33
  MONTH TO DATE  669                       783   -114      900
  SINCE SEP 1   1591                      1763   -172     1474
  SINCE JUL 1   1691                      1919   -228     1474

 COOLING
  YESTERDAY        0                         0      0        0
  MONTH TO DATE    0                         0      0        0
  SINCE SEP 1     21                        13      8        0
  SINCE JAN 1    410                       191    219        0
...................................................................


WIND (MPH)
  HIGHEST WIND SPEED    12   HIGHEST WIND DIRECTION     S (180)
  HIGHEST GUST SPEED    16   HIGHEST GUST DIRECTION     S (190)
  AVERAGE WIND SPEED     3.4


SKY COVER
  POSSIBLE SUNSHINE  MM
  AVERAGE SKY COVER 0.7


WEATHER CONDITIONS
THE FOLLOWING WEATHER WAS RECORDED YESTERDAY.
  LT FREEZING RAIN
  LIGHT SNOW
  FOG


RELATIVE HUMIDITY (PERCENT)
 HIGHEST    92          10:00 PM
 LOWEST     65          10:00 AM
 AVERAGE    79

..........................................................


THE HOULTON ME CLIMATE NORMALS FOR TODAY
                         NORMAL    RECORD    YEAR
 MAXIMUM TEMPERATURE (F)   36        62      1953
 MINIMUM TEMPERATURE (F)   20        -3      1938


SUNRISE AND SUNSET
NOVEMBER 26 2020......SUNRISE   6:47 AM EST   SUNSET   3:50 PM EST
NOVEMBER 27 2020......SUNRISE   6:49 AM EST   SUNSET   3:49 PM EST


-  INDICATES NEGATIVE NUMBERS.
*  INDICATES RECORD WAS SET OR TIED.
MM INDICATES DATA IS MISSING.
T  INDICATES TRACE AMOUNT.




$$
