000
CDUS45 KTFX 282340
CLIHVR

CLIMATE REPORT
NATIONAL WEATHER SERVICE GREAT FALLS MT
440 PM MST SAT NOV 28 2020

...................................

...THE HAVRE MT CLIMATE SUMMARY FOR NOVEMBER 28 2020...
VALID TODAY AS OF 0400 PM LOCAL TIME.

CLIMATE NORMAL PERIOD 1981 TO 2010
CLIMATE RECORD PERIOD 1880 TO 2020


WEATHER ITEM   OBSERVED TIME   RECORD YEAR NORMAL DEPARTURE LAST
                VALUE   (LST)  VALUE       VALUE  FROM      YEAR
                                                  NORMAL
...................................................................
TEMPERATURE (F)
 TODAY
  MAXIMUM         45    424 AM  62    1901  35     10       23
  MINIMUM         32    359 PM -26    1985  14     18       13
  AVERAGE         39                        24     15       18

PRECIPITATION (IN)
  TODAY            0.00          0.39 1927   0.01  -0.01     0.05
  MONTH TO DATE    0.65                      0.40   0.25     1.35
  SINCE OCT 1      1.49                      0.98   0.51     1.61
  SINCE JAN 1      9.29                     10.77  -1.48    11.78

DEGREE DAYS
 HEATING
  TODAY           26                        41    -15       47
  MONTH TO DATE  888                       962    -74     1064
  SINCE SEP 1   1886                      1878      8     2172
  SINCE JUL 1   1926                      1961    -35     2235

 COOLING
  TODAY            0                         0      0        0
  MONTH TO DATE    0                         0      0        0
  SINCE SEP 1     22                        20      2       21
  SINCE JAN 1    432                       387     45      315
...................................................................


WIND (MPH)
  HIGHEST WIND SPEED    29   HIGHEST WIND DIRECTION    SW (220)
  HIGHEST GUST SPEED    39   HIGHEST GUST DIRECTION    SW (220)
  AVERAGE WIND SPEED    17.9


SKY COVER
  AVERAGE SKY COVER 0.2


WEATHER CONDITIONS
THE FOLLOWING WEATHER WAS RECORDED TODAY.
  NO SIGNIFICANT WEATHER WAS OBSERVED.


RELATIVE HUMIDITY (PERCENT)
 HIGHEST    69           300 PM
 LOWEST     35           100 AM
 AVERAGE    52

..........................................................


THE HAVRE MT CLIMATE NORMALS FOR TOMORROW
                         NORMAL    RECORD    YEAR
 MAXIMUM TEMPERATURE (F)   35        65      1909
 MINIMUM TEMPERATURE (F)   13       -30      1896


SUNRISE AND SUNSET
NOVEMBER 28 2020......SUNRISE   747 AM MST   SUNSET   427 PM MST
NOVEMBER 29 2020......SUNRISE   748 AM MST   SUNSET   427 PM MST


-  INDICATES NEGATIVE NUMBERS.
R  INDICATES RECORD WAS SET OR TIED.
MM INDICATES DATA IS MISSING.
T  INDICATES TRACE AMOUNT.




$$
