000
CDUS44 KHGX 260818
CLIIAH


CLIMATE REPORT
NATIONAL WEATHER SERVICE HOUSTON/GALVESTON TX
218 AM CST THU NOV 26 2020


...................................

...THE HOUSTON INTERCONTINENTAL CLIMATE SUMMARY FOR NOVEMBER 25 2020...

CLIMATE NORMAL PERIOD 1981 TO 2010
CLIMATE RECORD PERIOD 1892 TO 2020


WEATHER ITEM   OBSERVED TIME   RECORD YEAR NORMAL DEPARTURE LAST
                VALUE   (LST)  VALUE       VALUE  FROM      YEAR
                                                  NORMAL
..................................................................
TEMPERATURE (F)
 YESTERDAY
  MAXIMUM         74    219 PM  86    1967  69      5       80
  MINIMUM         51   1159 PM  29    1950  49      2       48
  AVERAGE         63                        59      4       64

PRECIPITATION (IN)
  YESTERDAY        0.08          1.70 1987   0.14  -0.06     0.00
  MONTH TO DATE    0.18                      3.62  -3.44     1.05
  SINCE SEP 1      9.38                     13.44  -4.06    21.80
  SINCE JAN 1     36.62                     45.31  -8.69    50.72

SNOWFALL (IN)
  YESTERDAY        0.0
  MONTH TO DATE    0.0
  SINCE JUL 1      0.0

DEGREE DAYS
 HEATING
  YESTERDAY        2                         7     -5        1
  MONTH TO DATE   35                       114    -79      205
  SINCE SEP 1     78                       144    -66      244
  SINCE JUL 1     78                       144    -66      244
..................................................................


WIND (MPH)
  HIGHEST WIND SPEED    18   HIGHEST WIND DIRECTION    NW (320)
  HIGHEST GUST SPEED    27   HIGHEST GUST DIRECTION    NW (330)



WEATHER CONDITIONS
 THE FOLLOWING WEATHER WAS RECORDED YESTERDAY.
  LIGHT RAIN


RELATIVE HUMIDITY (PERCENT)
 HIGHEST    87
 LOWEST     38
 AVERAGE    63

..........................................................


THE HOUSTON INTERCONTINENTAL CLIMATE NORMALS FOR TODAY
                         NORMAL    RECORD    YEAR
 MAXIMUM TEMPERATURE (F)   69        86      1967
 MINIMUM TEMPERATURE (F)   49        27      1975


SUNRISE AND SUNSET
NOVEMBER 26 2020......SUNRISE   656 AM CST   SUNSET   522 PM CST
NOVEMBER 27 2020......SUNRISE   657 AM CST   SUNSET   521 PM CST


-  INDICATES NEGATIVE NUMBERS.
R  INDICATES RECORD WAS SET OR TIED.
MM INDICATES DATA IS MISSING.
T  INDICATES TRACE AMOUNT.




$$
