000
CDUS43 KICT 280642
CLIICT

CLIMATE REPORT
NATIONAL WEATHER SERVICE WICHITA KANSAS
1242 AM CST SAT NOV 28 2020

...................................

...THE WICHITA EISENHOWER NATIONAL CLIMATE SUMMARY FOR NOVEMBER 27 2020...

CLIMATE NORMAL PERIOD 1981 TO 2010
CLIMATE RECORD PERIOD 1888 TO 2020


WEATHER ITEM   OBSERVED TIME   RECORD YEAR NORMAL DEPARTURE LAST
                VALUE   (LST)  VALUE       VALUE  FROM      YEAR
                                                  NORMAL
...................................................................
TEMPERATURE (F)
 YESTERDAY
  MAXIMUM         55    302 PM  74    2017  50      5       45
  MINIMUM         27   1150 PM   3    1975  29     -2       29
  AVERAGE         41                        40      1       37

PRECIPITATION (IN)
  YESTERDAY        0.00          0.95 1948   0.05  -0.05     0.00
  MONTH TO DATE    0.73                      1.31  -0.58     0.25
  SINCE SEP 1      4.37                      7.23  -2.86     4.45
  SINCE JAN 1     26.25                     31.32  -5.07    39.94

SNOWFALL (IN)
  YESTERDAY        0.0           4.9  1987   0.1   -0.1      0.0
  MONTH TO DATE    T                         1.0   -1.0       T
  SINCE SEP 1      1.6                       1.1    0.5      0.4
  SINCE JUL 1      1.6                       1.1    0.5      0.4
  SNOW DEPTH       0

DEGREE DAYS
 HEATING
  YESTERDAY       24                        25     -1       28
  MONTH TO DATE  366                       509   -143      563
  SINCE SEP 1    769                       794    -25      910
  SINCE JUL 1    769                       795    -26      910

 COOLING
  YESTERDAY        0                         0      0        0
  MONTH TO DATE    1                         0      1        0
  SINCE SEP 1    218                       257    -39      445
  SINCE JAN 1   1768                      1684     84     1881
...................................................................


WIND (MPH)
  HIGHEST WIND SPEED    20   HIGHEST WIND DIRECTION     N (350)
  HIGHEST GUST SPEED    26   HIGHEST GUST DIRECTION     N (360)
  AVERAGE WIND SPEED     9.0


SKY COVER
  POSSIBLE SUNSHINE  MM
  AVERAGE SKY COVER 0.2


WEATHER CONDITIONS
THE FOLLOWING WEATHER WAS RECORDED YESTERDAY.
  NO SIGNIFICANT WEATHER WAS OBSERVED.


RELATIVE HUMIDITY (PERCENT)
 HIGHEST    92           700 AM
 LOWEST     38           400 PM
 AVERAGE    65

..........................................................


THE WICHITA EISENHOWER NATIONAL CLIMATE NORMALS FOR TODAY
                         NORMAL    RECORD    YEAR
 MAXIMUM TEMPERATURE (F)   50        72      1949
 MINIMUM TEMPERATURE (F)   29         5      1976


SUNRISE AND SUNSET
NOVEMBER 28 2020......SUNRISE   724 AM CST   SUNSET   512 PM CST
NOVEMBER 29 2020......SUNRISE   725 AM CST   SUNSET   512 PM CST


-  INDICATES NEGATIVE NUMBERS.
R  INDICATES RECORD WAS SET OR TIED.
MM INDICATES DATA IS MISSING.
T  INDICATES TRACE AMOUNT.




$$
