000
CDUS43 KICT 130626
CLIICT

CLIMATE REPORT
NATIONAL WEATHER SERVICE WICHITA KANSAS
126 AM CDT SUN JUN 13 2021

...................................

...THE WICHITA EISENHOWER NATIONAL CLIMATE SUMMARY FOR JUNE 12 2021...

CLIMATE NORMAL PERIOD 1991 TO 2020
CLIMATE RECORD PERIOD 1888 TO 2021


WEATHER ITEM   OBSERVED TIME   RECORD YEAR NORMAL DEPARTURE LAST
                VALUE   (LST)  VALUE       VALUE  FROM      YEAR
                                                  NORMAL
...................................................................
TEMPERATURE (F)
 YESTERDAY
  MAXIMUM         88    407 PM 105    1953  87      1       98
  MINIMUM         70    128 AM  48    1896  65      5       62
                                      1903
  AVERAGE         79                        76      3       80

PRECIPITATION (IN)
  YESTERDAY        0.00          2.27 1925   0.16  -0.16     0.00
  MONTH TO DATE    0.92                      2.07  -1.15     0.01
  SINCE JUN 1      0.92                      2.07  -1.15     0.01
  SINCE JAN 1     13.75                     14.69  -0.94    14.46

SNOWFALL (IN)
  YESTERDAY        0.0           0.0    MM   0.0    0.0      0.0
  MONTH TO DATE    0.0                       0.0    0.0      0.0
  SINCE JUN 1      0.0                       0.0    0.0      0.0
  SINCE JUL 1     17.4                      12.7    4.7      8.3
  SNOW DEPTH       0

DEGREE DAYS
 HEATING
  YESTERDAY        0                         0      0        0
  MONTH TO DATE    2                         0      2        0
  SINCE JUN 1      2                         0      2        0
  SINCE JUL 1   4509                      4409    100     4291

 COOLING
  YESTERDAY       14                        11      3       15
  MONTH TO DATE  118                       116      2      174
  SINCE JUN 1    118                       116      2      174
  SINCE JAN 1    196                       275    -79      284
...................................................................


WIND (MPH)
  HIGHEST WIND SPEED    16   HIGHEST WIND DIRECTION    NE (40)
  HIGHEST GUST SPEED    20   HIGHEST GUST DIRECTION    NE (40)
  AVERAGE WIND SPEED     8.1


SKY COVER
  POSSIBLE SUNSHINE  MM
  AVERAGE SKY COVER 0.5


WEATHER CONDITIONS
THE FOLLOWING WEATHER WAS RECORDED YESTERDAY.
  NO SIGNIFICANT WEATHER WAS OBSERVED.


RELATIVE HUMIDITY (PERCENT)
 HIGHEST    90           100 AM
 LOWEST     47           400 PM
 AVERAGE    69

..........................................................


THE WICHITA EISENHOWER NATIONAL CLIMATE NORMALS FOR TODAY
                         NORMAL    RECORD    YEAR
 MAXIMUM TEMPERATURE (F)   88       106      1953
 MINIMUM TEMPERATURE (F)   66        47      1985


SUNRISE AND SUNSET
JUNE 13 2021..........SUNRISE   608 AM CDT   SUNSET   852 PM CDT
JUNE 14 2021..........SUNRISE   608 AM CDT   SUNSET   853 PM CDT


-  INDICATES NEGATIVE NUMBERS.
R  INDICATES RECORD WAS SET OR TIED.
MM INDICATES DATA IS MISSING.
T  INDICATES TRACE AMOUNT.

$$
