000
CDUS45 KPIH 260733
CLIIDA


CLIMATE REPORT
NATIONAL WEATHER SERVICE POCATELLO ID
1232 AM MST THU NOV 26 2020


...................................

...THE IDAHO FALLS ID CLIMATE SUMMARY FOR NOVEMBER 25 2020...

CLIMATE NORMAL PERIOD 1981 TO 2010
CLIMATE RECORD PERIOD 1948 TO 2020


WEATHER ITEM   OBSERVED TIME   RECORD YEAR NORMAL DEPARTURE LAST
                VALUE   (LST)  VALUE       VALUE  FROM      YEAR
                                                  NORMAL
..................................................................
TEMPERATURE (F)
 YESTERDAY
  MAXIMUM         39   1207 PM  60    1949  37      2       37
  MINIMUM         17    758 AM  -8    1992  18     -1       14
  AVERAGE         28                        27      1       26

PRECIPITATION (IN)
  YESTERDAY        0.02          0.36 2012   0.03  -0.01     0.00
  MONTH TO DATE    0.48                      0.72  -0.24      T
  SINCE OCT 1      0.68                      1.55  -0.87     0.36
  SINCE JAN 1     10.43                      9.37   1.06    10.67

SNOWFALL (IN)
  YESTERDAY       MM
  MONTH TO DATE   MM
  SINCE SEP 1     MM
  SINCE JUL 1     MM
  SNOW DEPTH      MM

DEGREE DAYS
 HEATING
  YESTERDAY       37                        38     -1       39
  MONTH TO DATE  757                       786    -29      755
  SINCE SEP 1   1557                      1643    -86     1884
  SINCE JUL 1   1601                      1708   -107     1929

 COOLING
  YESTERDAY        0                         0      0        0
  MONTH TO DATE    0                         0      0        0
  SINCE SEP 1     11                        12     -1       24
  SINCE JAN 1    280                       264     16      261
..................................................................


WIND (MPH)
  HIGHEST WIND SPEED    26   HIGHEST WIND DIRECTION    SW (220)
  HIGHEST GUST SPEED    33   HIGHEST GUST DIRECTION    SW (210)
  AVERAGE WIND SPEED    10.0


SKY COVER
  POSSIBLE SUNSHINE  MM
  AVERAGE SKY COVER 0.7


WEATHER CONDITIONS
 THE FOLLOWING WEATHER WAS RECORDED YESTERDAY.
  SNOW
  LIGHT SNOW
  FOG


RELATIVE HUMIDITY (PERCENT)
 HIGHEST   100           200 AM
 LOWEST     54          1200 PM
 AVERAGE    77

..........................................................


THE IDAHO FALLS ID CLIMATE NORMALS FOR TODAY
                         NORMAL    RECORD    YEAR
 MAXIMUM TEMPERATURE (F)   36        61      1998
 MINIMUM TEMPERATURE (F)   18       -12      1993


SUNRISE AND SUNSET
NOVEMBER 26 2020......SUNRISE   736 AM MST   SUNSET   455 PM MST
NOVEMBER 27 2020......SUNRISE   738 AM MST   SUNSET   454 PM MST


-  INDICATES NEGATIVE NUMBERS.
R  INDICATES RECORD WAS SET OR TIED.
MM INDICATES DATA IS MISSING.
T  INDICATES TRACE AMOUNT.




$$
