685
CDUS43 KUNR 290836
CLIIEN

CLIMATE REPORT
NATIONAL WEATHER SERVICE RAPID CITY SD
136 AM MST SUN NOV 29 2020

...................................

...THE PINE RIDGE SD CLIMATE SUMMARY FOR NOVEMBER 28 2020...

CLIMATE NORMAL PERIOD 1981 TO 2010
CLIMATE RECORD PERIOD 9999 TO 9999


WEATHER ITEM   OBSERVED TIME   NORMAL DEPARTURE LAST
                VALUE   (LST)  VALUE  FROM      YEAR
                                      NORMAL
.......................................................
TEMPERATURE (F)
 YESTERDAY
  MAXIMUM         58    247 PM  41     17       31
  MINIMUM         23    335 AM  14      9       20
  AVERAGE         41            28     13       26

PRECIPITATION (IN)
  YESTERDAY        0.00          0.01  -0.01     0.00
  MONTH TO DATE    0.28          0.55  -0.27     0.50
  SINCE SEP 1      1.35          3.36  -2.01     3.14
  SINCE JAN 1      8.21         17.15  -8.94    14.95

DEGREE DAYS
 HEATING
  YESTERDAY       24            37    -13       39
  MONTH TO DATE  675           859   -184      858
  SINCE SEP 1   1508          1577    -69     1745
  SINCE JUL 1   1520          1614    -94     1762

 COOLING
  YESTERDAY        0             0      0        0
  MONTH TO DATE    0             0      0        0
  SINCE SEP 1     73            69      4       89
  SINCE JAN 1   1039           717    322      685
.......................................................


WIND (MPH)
  HIGHEST WIND SPEED    22   HIGHEST WIND DIRECTION     N (10)
  HIGHEST GUST SPEED    33   HIGHEST GUST DIRECTION     N (10)
  AVERAGE WIND SPEED     7.3


SKY COVER
  AVERAGE SKY COVER 0.0


RELATIVE HUMIDITY (PERCENT)
 HIGHEST    60           800 PM
 LOWEST     17           200 PM
 AVERAGE    39

..........................................................



SUNRISE AND SUNSET
NOVEMBER 29 2020......SUNRISE   700 AM MST   SUNSET   417 PM MST
NOVEMBER 30 2020......SUNRISE   701 AM MST   SUNSET   417 PM MST


-  INDICATES NEGATIVE NUMBERS.
R  INDICATES RECORD WAS SET OR TIED.
MM INDICATES DATA IS MISSING.
T  INDICATES TRACE AMOUNT.




$$
