000
CDUS45 KVEF 290021
CLIIGM

CLIMATE REPORT
NATIONAL WEATHER SERVICE LAS VEGAS, NV
421 PM PST SAT NOV 28 2020

...................................

...THE KINGMAN AZ CLIMATE SUMMARY FOR NOVEMBER 28 2020...
VALID TODAY AS OF 0400 PM LOCAL TIME.

CLIMATE NORMAL PERIOD: 1981 TO 2010
CLIMATE RECORD PERIOD: 1901 TO 2020


WEATHER ITEM   OBSERVED TIME   RECORD YEAR NORMAL DEPARTURE LAST
                VALUE   (LST)  VALUE       VALUE  FROM      YEAR
                                                  NORMAL
...................................................................
TEMPERATURE (F)
 TODAY
  MAXIMUM         58   2:21 PM  78    1999  59     -1       55
  MINIMUM         25   6:03 AM  18    1976  34     -9       40
  AVERAGE         42                        46     -4       48

PRECIPITATION (IN)
  TODAY            0.00          1.25 2019   0.02  -0.02     1.25
  MONTH TO DATE    0.33                      0.61  -0.28     2.60
  SINCE OCT 1      0.33                      1.32  -0.99     2.60
  SINCE JAN 1      4.66                      7.61  -2.95    10.43

DEGREE DAYS
 HEATING
  TODAY           23                        19      4       17
  MONTH TO DATE  328                       388    -60      308
  SINCE SEP 1    403                       527   -124      501
  SINCE JUL 1    403                       527   -124      501

 COOLING
  TODAY            0                         0      0        0
  MONTH TO DATE   26                         0     26        0
  SINCE SEP 1    631                       391    240      343
  SINCE JAN 1   2709                      2092    617     2098
...................................................................


WIND (MPH)
  RESULTANT WIND SPEED   5   RESULTANT WIND DIRECTION  NE (50)
  HIGHEST WIND SPEED    13   HIGHEST WIND DIRECTION    NE (40)
  HIGHEST GUST SPEED    17   HIGHEST GUST DIRECTION    NE (40)
  AVERAGE WIND SPEED     5.9


SKY COVER
  AVERAGE SKY COVER 0.0


WEATHER CONDITIONS
THE FOLLOWING WEATHER WAS RECORDED TODAY.
  NO SIGNIFICANT WEATHER WAS OBSERVED.


RELATIVE HUMIDITY (PERCENT)
 HIGHEST    52           6:00 AM
 LOWEST     17           3:00 PM
 AVERAGE    35

..........................................................


THE KINGMAN AZ CLIMATE NORMALS FOR TOMORROW
                         NORMAL    RECORD    YEAR
 MAXIMUM TEMPERATURE (F)   58        77      1949
 MINIMUM TEMPERATURE (F)   34        13      1919


SUNRISE AND SUNSET
NOVEMBER 28 2020......SUNRISE   7:24 AM MST   SUNSET   5:24 PM MST
NOVEMBER 29 2020......SUNRISE   7:25 AM MST   SUNSET   5:24 PM MST


-  INDICATES NEGATIVE NUMBERS.
R  INDICATES RECORD WAS SET OR TIED.
MM INDICATES DATA IS MISSING.
T  INDICATES TRACE AMOUNT.




$$
