000
CDUS41 KPHI 280551
CLIILG

CLIMATE REPORT
NATIONAL WEATHER SERVICE MOUNT HOLLY NJ
1251 AM EST SAT NOV 28 2020

...................................

...THE WILMINGTON DE CLIMATE SUMMARY FOR NOVEMBER 27 2020...

CLIMATE NORMAL PERIOD: 1981 TO 2010
CLIMATE RECORD PERIOD: 1894 TO 2020


WEATHER ITEM   OBSERVED TIME   RECORD YEAR NORMAL DEPARTURE LAST
                VALUE   (LST)  VALUE       VALUE  FROM      YEAR
                                                  NORMAL
...................................................................
TEMPERATURE (F)
 YESTERDAY
  MAXIMUM         58   3:43 PM  73    1896  51      7       58
  MINIMUM         47  11:55 PM  13    1932  34     13       37
  AVERAGE         53                        43     10       48

PRECIPITATION (IN)
  YESTERDAY        0.00          1.63 2013   0.12  -0.12      T
  MONTH TO DATE    4.03                      2.75   1.28     1.20
  SINCE SEP 1     11.79                     10.49   1.30     7.17
  SINCE JAN 1     46.34                     39.25   7.09    43.29

SNOWFALL (IN)
  YESTERDAY        0.0           4.5  1978   0.1   -0.1      0.0
  MONTH TO DATE    0.0                       0.2   -0.2       T
  SINCE SEP 1      0.0                       0.2   -0.2       T
  SINCE JUL 1      0.0                       0.2   -0.2       T
  SNOW DEPTH       0

DEGREE DAYS
 HEATING
  YESTERDAY       12                        22    -10       17
  MONTH TO DATE  376                       486   -110      589
  SINCE SEP 1    644                       828   -184      759
  SINCE JUL 1    644                       830   -186      759

 COOLING
  YESTERDAY        0                         0      0        0
  MONTH TO DATE    0                         0      0        0
  SINCE SEP 1    148                       152     -4      278
  SINCE JAN 1   1300                      1145    155     1508
...................................................................


WIND (MPH)
  HIGHEST WIND SPEED     7   HIGHEST WIND DIRECTION     N (350)
  HIGHEST GUST SPEED     8   HIGHEST GUST DIRECTION     N (360)
  AVERAGE WIND SPEED     3.2


SKY COVER
  POSSIBLE SUNSHINE  MM
  AVERAGE SKY COVER 0.9


WEATHER CONDITIONS
THE FOLLOWING WEATHER WAS RECORDED YESTERDAY.
  NO SIGNIFICANT WEATHER WAS OBSERVED.


RELATIVE HUMIDITY (PERCENT)
 HIGHEST    86           2:00 AM
 LOWEST     57           1:00 PM
 AVERAGE    72

..........................................................


THE WILMINGTON DE CLIMATE NORMALS FOR TODAY
                         NORMAL    RECORD    YEAR
 MAXIMUM TEMPERATURE (F)   51        72      1896
 MINIMUM TEMPERATURE (F)   34        14      1930


SUNRISE AND SUNSET
NOVEMBER 28 2020......SUNRISE   7:02 AM EST   SUNSET   4:39 PM EST
NOVEMBER 29 2020......SUNRISE   7:03 AM EST   SUNSET   4:39 PM EST


-  INDICATES NEGATIVE NUMBERS.
R  INDICATES RECORD WAS SET OR TIED.
MM INDICATES DATA IS MISSING.
T  INDICATES TRACE AMOUNT.




$$
