000
CDUS41 KPHI 130553
CLIILG

CLIMATE REPORT
NATIONAL WEATHER SERVICE MOUNT HOLLY NJ
153 AM EDT SUN JUN 13 2021

...................................

...THE WILMINGTON DE CLIMATE SUMMARY FOR JUNE 12 2021...

CLIMATE NORMAL PERIOD: 1991 TO 2020
CLIMATE RECORD PERIOD: 1894 TO 2021


WEATHER ITEM   OBSERVED TIME   RECORD YEAR NORMAL DEPARTURE LAST
                VALUE   (LST)  VALUE       VALUE  FROM      YEAR
                                                  NORMAL
...................................................................
TEMPERATURE (F)
 YESTERDAY
  MAXIMUM         78   2:50 PM  96    1933  81     -3       85
  MINIMUM         63   5:59 AM  46    1980  62      1       63
  AVERAGE         71                        72     -1       74

PRECIPITATION (IN)
  YESTERDAY        T             1.90 1998   0.16  -0.16     0.00
  MONTH TO DATE    1.17                      1.89  -0.72     2.26
  SINCE JUN 1      1.17                      1.89  -0.72     2.26
  SINCE JAN 1     17.71                     19.19  -1.48    19.24

SNOWFALL (IN)
  YESTERDAY        0.0           0.0  1894   0.0    0.0      0.0
  MONTH TO DATE    0.0                       0.0    0.0      0.0
  SINCE JUN 1      0.0                       0.0    0.0      0.0
  SINCE JUL 1     14.3                      20.2   -5.9      0.9
  SNOW DEPTH      MM

DEGREE DAYS
 HEATING
  YESTERDAY        0                         0      0        0
  MONTH TO DATE    1                        10     -9        6
  SINCE JUN 1      1                        10     -9        6
  SINCE JUL 1   4345                      4643   -298     4228

 COOLING
  YESTERDAY        6                         7     -1        9
  MONTH TO DATE  110                        70     40       93
  SINCE JUN 1    110                        70     40       93
  SINCE JAN 1    211                       157     54      145
...................................................................


WIND (MPH)
  HIGHEST WIND SPEED    15   HIGHEST WIND DIRECTION    SE (150)
  HIGHEST GUST SPEED    19   HIGHEST GUST DIRECTION    SE (150)
  AVERAGE WIND SPEED     6.9


SKY COVER
  POSSIBLE SUNSHINE  MM
  AVERAGE SKY COVER 0.9


WEATHER CONDITIONS
THE FOLLOWING WEATHER WAS RECORDED YESTERDAY.
  LIGHT RAIN
  FOG


RELATIVE HUMIDITY (PERCENT)
 HIGHEST    93           6:00 AM
 LOWEST     56           3:00 PM
 AVERAGE    75

..........................................................


THE WILMINGTON DE CLIMATE NORMALS FOR TODAY
                         NORMAL    RECORD    YEAR
 MAXIMUM TEMPERATURE (F)   82        96      1956
 MINIMUM TEMPERATURE (F)   62        48      1979


SUNRISE AND SUNSET
JUNE 13 2021..........SUNRISE   5:34 AM EDT   SUNSET   8:31 PM EDT
JUNE 14 2021..........SUNRISE   5:34 AM EDT   SUNSET   8:32 PM EDT


-  INDICATES NEGATIVE NUMBERS.
R  INDICATES RECORD WAS SET OR TIED.
MM INDICATES DATA IS MISSING.
T  INDICATES TRACE AMOUNT.




$$
