674
CDUS42 KILM 290949
CLIILM

CLIMATE REPORT
NATIONAL WEATHER SERVICE WILMINGTON NC
449 AM EST SUN NOV 29 2020

...................................

...THE WILMINGTON NORTH CAROLINA CLIMATE SUMMARY FOR NOVEMBER 28 2020...

CLIMATE NORMAL PERIOD 1981 TO 2010
CLIMATE RECORD PERIOD 1871 TO 2020


WEATHER ITEM   OBSERVED TIME   RECORD YEAR NORMAL DEPARTURE LAST
                VALUE   (LST)  VALUE       VALUE  FROM      YEAR
                                                  NORMAL
...................................................................
TEMPERATURE (F)
 YESTERDAY
  MAXIMUM         68    225 PM  81    1985  64      4       65
  MINIMUM         48   1159 PM  21    1903  42      6       46
  AVERAGE         58                        53      5       56

PRECIPITATION (IN)
  YESTERDAY        0.03          1.25 1948   0.12  -0.09     0.00
  MONTH TO DATE    5.55                      3.05   2.50     4.56
  SINCE SEP 1     19.75                     14.78   4.97    20.22
  SINCE JAN 1     68.95                     53.75  15.20    45.17

SNOWFALL (IN)
  YESTERDAY       MM             1.0  1912   0.0   MM        0.0
  MONTH TO DATE    0.0                       0.0    0.0      0.0
  SINCE SEP 1      0.0                       0.0    0.0      0.0
  SINCE JUL 1      0.0                       0.0    0.0      0.0
  SNOW DEPTH      MM

DEGREE DAYS
 HEATING
  YESTERDAY        7                        12     -5        9
  MONTH TO DATE  151                       247    -96      319
  SINCE SEP 1    173                       344   -171      341
  SINCE JUL 1    173                       344   -171      341

 COOLING
  YESTERDAY        0                         0      0        0
  MONTH TO DATE   56                        23     33        4
  SINCE SEP 1    567                       414    153      642
  SINCE JAN 1   2357                      2037    320     2616
...................................................................


WIND (MPH)
  RESULTANT WIND SPEED   1   RESULTANT WIND DIRECTION  NW (310)
  HIGHEST WIND SPEED     8   HIGHEST WIND DIRECTION     N (350)
  HIGHEST GUST SPEED    10   HIGHEST GUST DIRECTION     N (350)
  AVERAGE WIND SPEED     1.6


SKY COVER
  AVERAGE SKY COVER 0.6


WEATHER CONDITIONS
THE FOLLOWING WEATHER WAS RECORDED YESTERDAY.
  LIGHT RAIN
  FOG
  FOG W/VISIBILITY <= 1/4 MILE


RELATIVE HUMIDITY (PERCENT)
 HIGHEST   100           500 AM
 LOWEST     61           300 PM
 AVERAGE    81

..........................................................


THE WILMINGTON NORTH CAROLINA CLIMATE NORMALS FOR TODAY
                         NORMAL    RECORD    YEAR
 MAXIMUM TEMPERATURE (F)   64        83      1985
 MINIMUM TEMPERATURE (F)   42        24      1996


SUNRISE AND SUNSET
NOVEMBER 29 2020......SUNRISE   658 AM EST   SUNSET   502 PM EST
NOVEMBER 30 2020......SUNRISE   659 AM EST   SUNSET   502 PM EST


-  INDICATES NEGATIVE NUMBERS.
R  INDICATES RECORD WAS SET OR TIED.
MM INDICATES DATA IS MISSING.
T  INDICATES TRACE AMOUNT.




$$
