161
CDUS43 KILX 290726
CLIILX

CLIMATE REPORT
NATIONAL WEATHER SERVICE LINCOLN IL
126 AM CST SUN NOV 29 2020

...................................

...THE LINCOLN IL CLIMATE SUMMARY FOR NOVEMBER 28 2020...

CLIMATE NORMAL PERIOD 1981 TO 2010
CLIMATE RECORD PERIOD 1905 TO 2020


WEATHER ITEM   OBSERVED TIME   RECORD YEAR NORMAL DEPARTURE LAST
                VALUE   (LST)  VALUE       VALUE  FROM      YEAR
                                                  NORMAL
...................................................................
TEMPERATURE (F)
 YESTERDAY
  MAXIMUM         51        MM  68    2017  44      7       36
  MINIMUM         24        MM  -3    1930  28     -4       33
  AVERAGE         38                        36      2       35

PRECIPITATION (IN)
  YESTERDAY        0.00          1.30 2005   0.11  -0.11     0.02
  MONTH TO DATE    2.25                      3.03  -0.78     0.88
  SINCE SEP 1      5.13                      9.32  -4.19    10.08
  SINCE JAN 1     34.41                     36.74  -2.33    43.35

SNOWFALL (IN)
  YESTERDAY        0.0           3.0  1980   0.0    0.0       T
  MONTH TO DATE    T                         0.5   -0.5      2.5
  SINCE SEP 1      T                         0.5   -0.5      4.5
  SINCE JUL 1      T                         0.5   -0.5      4.5
  SNOW DEPTH       0

DEGREE DAYS
 HEATING
  YESTERDAY       27                        29     -2       30
  MONTH TO DATE  447                       626   -179      799
  SINCE SEP 1    936                      1073   -137     1203
  SINCE JUL 1    939                      1082   -143     1204

 COOLING
  YESTERDAY        0                         0      0        0
  MONTH TO DATE    2                         0      2        0
  SINCE SEP 1     88                       128    -40      224
  SINCE JAN 1   1023                      1017      6     1113
...................................................................


WIND (MPH)
  HIGHEST WIND SPEED    MM   HIGHEST WIND DIRECTION    MM
  HIGHEST GUST SPEED    MM   HIGHEST GUST DIRECTION    MM
  AVERAGE WIND SPEED    MM


SKY COVER
  POSSIBLE SUNSHINE  MM


WEATHER CONDITIONS
THE FOLLOWING WEATHER WAS RECORDED YESTERDAY.
  NO SIGNIFICANT WEATHER WAS OBSERVED.

..........................................................


THE LINCOLN IL CLIMATE NORMALS FOR TODAY
                         NORMAL    RECORD    YEAR
 MAXIMUM TEMPERATURE (F)   44        71      1927
 MINIMUM TEMPERATURE (F)   27         2      1929


SUNRISE AND SUNSET
NOVEMBER 29 2020......SUNRISE   659 AM CST   SUNSET   433 PM CST
NOVEMBER 30 2020......SUNRISE   700 AM CST   SUNSET   432 PM CST


-  INDICATES NEGATIVE NUMBERS.
R  INDICATES RECORD WAS SET OR TIED.
MM INDICATES DATA IS MISSING.
T  INDICATES TRACE AMOUNT.




$$
