000
CDUS43 KLBF 040717
CLIIML

CLIMATE REPORT
NATIONAL WEATHER SERVICE
117 AM CST FRI DEC 04 2020

...................................

...THE IMPERIAL CLIMATE SUMMARY FOR DECEMBER 3 2020...

CLIMATE NORMAL PERIOD 1981 TO 2010
CLIMATE RECORD PERIOD 1893 TO 2020


WEATHER ITEM   OBSERVED TIME   RECORD YEAR NORMAL DEPARTURE LAST
                VALUE   (LST)  VALUE       VALUE  FROM      YEAR
                                                  NORMAL
...................................................................
TEMPERATURE (F)
 YESTERDAY
  MAXIMUM         47    218 PM  71    1959  44      3       49
  MINIMUM         17    500 AM -10    1919  18     -1       30
  AVERAGE         32                        31      1       40

PRECIPITATION (IN)
  YESTERDAY        0.00          0.45 1947   0.03  -0.03     0.00
  MONTH TO DATE    T                         0.08  -0.08     0.00
  SINCE DEC 1      T                         0.08  -0.08     0.00
  SINCE JAN 1      9.71                     18.82  -9.11    19.32

SNOWFALL (IN)
  YESTERDAY       MM
  SNOW DEPTH      MM

DEGREE DAYS
 HEATING
  YESTERDAY       33                        34     -1       25
  MONTH TO DATE  105                       102      3       97
  SINCE DEC 1    105                       102      3       97

 COOLING
  YESTERDAY        0                         0      0        0
  MONTH TO DATE    0                         0      0        0
  SINCE DEC 1      0                         0      0        0
  SINCE JAN 1   1214                       963    251     1010
...................................................................


WIND (MPH)
  HIGHEST WIND SPEED    17   HIGHEST WIND DIRECTION    NW (330)
  HIGHEST GUST SPEED    23   HIGHEST GUST DIRECTION    NW (330)
  AVERAGE WIND SPEED    10.7


WEATHER CONDITIONS
THE FOLLOWING WEATHER WAS RECORDED YESTERDAY.
  NO SIGNIFICANT WEATHER WAS OBSERVED.


RELATIVE HUMIDITY (PERCENT)
 HIGHEST    88          1200 AM
 LOWEST     22           300 PM
 AVERAGE    55

..........................................................


THE IMPERIAL CLIMATE NORMALS FOR TODAY
                         NORMAL    RECORD    YEAR
 MAXIMUM TEMPERATURE (F)   43        71      1965
 MINIMUM TEMPERATURE (F)   17        -5      1897


SUNRISE AND SUNSET
DECEMBER  4 2020......SUNRISE   654 AM MST   SUNSET   420 PM MST
DECEMBER  5 2020......SUNRISE   655 AM MST   SUNSET   420 PM MST


-  INDICATES NEGATIVE NUMBERS.
R  INDICATES RECORD WAS SET OR TIED.
MM INDICATES DATA IS MISSING.
T  INDICATES TRACE AMOUNT.




$$
