536
CDUS43 KIND 290032
CLIIND

CLIMATE REPORT
NATIONAL WEATHER SERVICE INDIANAPOLIS IN
732 PM EST SAT NOV 28 2020

...................................

...THE INDIANAPOLIS IN CLIMATE SUMMARY FOR NOVEMBER 28 2020...
VALID AS OF 0700 PM LOCAL TIME.

CLIMATE NORMAL PERIOD 1981 TO 2010
CLIMATE RECORD PERIOD 1871 TO 2020


WEATHER ITEM   OBSERVED TIME   RECORD YEAR NORMAL DEPARTURE LAST
                VALUE   (LST)  VALUE       VALUE  FROM      YEAR
                                                  NORMAL
...................................................................
TEMPERATURE (F)
 TODAY
  MAXIMUM         48    355 PM  69    1909  46      2       37
  MINIMUM         28    753 AM   2    1930  30     -2       33
  AVERAGE         38                        38      0       35

PRECIPITATION (IN)
  TODAY            0.00          1.82 1913   0.12  -0.12      T
  MONTH TO DATE    3.54                      3.46   0.08     1.80
  SINCE SEP 1      9.01                      9.70  -0.69     6.75
  SINCE JAN 1     43.18                     39.03   4.15    43.30

SNOWFALL (IN)
  TODAY            0.0           4.6  1958   0.1   -0.1      0.0
  MONTH TO DATE    0.0                       0.6   -0.6      2.8
  SINCE SEP 1      T                         1.0   -1.0      2.8
  SINCE JUL 1      T                         1.0   -1.0      2.8
  SNOW DEPTH       0

...................................................................


WIND (MPH)
  HIGHEST WIND SPEED    13   HIGHEST WIND DIRECTION    NW (330)
  HIGHEST GUST SPEED    16   HIGHEST GUST DIRECTION     N (350)
  AVERAGE WIND SPEED     5.3


SKY COVER
  AVERAGE SKY COVER 0.1


WEATHER CONDITIONS
THE FOLLOWING WEATHER WAS RECORDED TODAY.
  NO SIGNIFICANT WEATHER WAS OBSERVED.


RELATIVE HUMIDITY (PERCENT)
 HIGHEST    92           300 AM
 LOWEST     35           300 PM

..........................................................


THE INDIANAPOLIS IN CLIMATE NORMALS FOR TOMORROW
                         NORMAL    RECORD    YEAR
 MAXIMUM TEMPERATURE (F)   45        70      1927
 MINIMUM TEMPERATURE (F)   30        -1      1872


SUNRISE AND SUNSET
NOVEMBER 28 2020......SUNRISE   744 AM EST   SUNSET   522 PM EST
NOVEMBER 29 2020......SUNRISE   745 AM EST   SUNSET   522 PM EST


-  INDICATES NEGATIVE NUMBERS.
R  INDICATES RECORD WAS SET OR TIED.
MM INDICATES DATA IS MISSING.
T  INDICATES TRACE AMOUNT.




$$
