000
CDUS43 KDLH 290625
CLIINL

CLIMATE REPORT
NATIONAL WEATHER SERVICE DULUTH MN
1225 AM CST SUN NOV 29 2020

...................................

...THE INTERNATIONAL FALLS CLIMATE SUMMARY FOR NOVEMBER 28 2020...

CLIMATE NORMAL PERIOD: 1981 TO 2010
CLIMATE RECORD PERIOD: 1895 TO 2020


WEATHER ITEM   OBSERVED TIME   RECORD YEAR NORMAL DEPARTURE LAST
                VALUE   (LST)  VALUE       VALUE  FROM      YEAR
                                                  NORMAL
...................................................................
TEMPERATURE (F)
 YESTERDAY
  MAXIMUM         41   2:24 PM  50    1914  26     15       22
  MINIMUM         20   8:27 AM -32    1985  10     10       19
  AVERAGE         31                        18     13       21

PRECIPITATION (IN)
  YESTERDAY        0.00          0.92 1960   0.04  -0.04     0.00
  MONTH TO DATE    0.48                      1.31  -0.83     0.84
  SINCE SEP 1      4.99                      6.38  -1.39    12.38
  SINCE JAN 1     20.27                     23.34  -3.07    31.34

SNOWFALL (IN)
  YESTERDAY        0.0           8.6  1960   0.6   -0.6      0.0
  MONTH TO DATE    3.0                      12.5   -9.5      9.6
  SINCE SEP 1      8.5                      14.8   -6.3     10.3
  SINCE JUL 1      8.5                      14.8   -6.3     10.3
  SNOW DEPTH       2

DEGREE DAYS
 HEATING
  YESTERDAY       34                        47    -13       44
  MONTH TO DATE  924                      1087   -163     1166
  SINCE SEP 1   2171                      2183    -12     2172
  SINCE JUL 1   2260                      2364   -104     2314

 COOLING
  YESTERDAY        0                         0      0        0
  MONTH TO DATE    0                         0      0        0
  SINCE SEP 1      2                        11     -9       23
  SINCE JAN 1    249                       192     57      179
...................................................................


WIND (MPH)
  HIGHEST WIND SPEED    12   HIGHEST WIND DIRECTION    SW (230)
  HIGHEST GUST SPEED    17   HIGHEST GUST DIRECTION    SW (240)
  AVERAGE WIND SPEED     4.4


SKY COVER
  AVERAGE SKY COVER 0.1


WEATHER CONDITIONS
THE FOLLOWING WEATHER WAS RECORDED YESTERDAY.
  NO SIGNIFICANT WEATHER WAS OBSERVED.


RELATIVE HUMIDITY (PERCENT)
 HIGHEST    88           7:00 AM
 LOWEST     59           2:00 PM
 AVERAGE    74

..........................................................


THE INTERNATIONAL FALLS CLIMATE NORMALS FOR TODAY
                         NORMAL    RECORD    YEAR
 MAXIMUM TEMPERATURE (F)   26        52      1914
 MINIMUM TEMPERATURE (F)    9       -28      1985


SUNRISE AND SUNSET
NOVEMBER 29 2020......SUNRISE   7:43 AM CST   SUNSET   4:21 PM CST
NOVEMBER 30 2020......SUNRISE   7:44 AM CST   SUNSET   4:21 PM CST


-  INDICATES NEGATIVE NUMBERS.
R  INDICATES RECORD WAS SET OR TIED.
MM INDICATES DATA IS MISSING.
T  INDICATES TRACE AMOUNT.




$$
